CRAN Package Check Results for Package longurl

Last updated on 2025-11-18 17:48:34 CET.

Flavor Version Tinstall Tcheck Ttotal Status Flags
r-devel-linux-x86_64-debian-clang 0.3.3 1.74 19.86 21.60 OK
r-devel-linux-x86_64-debian-gcc 0.3.3 1.32 16.61 17.93 OK
r-devel-linux-x86_64-fedora-clang 0.3.3 31.67 OK
r-devel-linux-x86_64-fedora-gcc 0.3.3 29.52 OK
r-devel-windows-x86_64 0.3.3 6.00 42.00 48.00 OK
r-patched-linux-x86_64 0.3.3 1.60 19.10 20.70 OK
r-release-linux-x86_64 0.3.3 1.60 19.11 20.71 OK
r-release-macos-arm64 0.3.3 1.00 41.00 42.00 OK
r-release-macos-x86_64 0.3.3 2.00 45.00 47.00 OK
r-release-windows-x86_64 0.3.3 3.00 42.00 45.00 OK
r-oldrel-macos-arm64 0.3.3 1.00 47.00 48.00 NOTE
r-oldrel-macos-x86_64 0.3.3 1.00 49.00 50.00 NOTE
r-oldrel-windows-x86_64 0.3.3 4.00 49.00 53.00 NOTE

Check Details

Version: 0.3.3
Check: LazyData
Result: NOTE 'LazyData' is specified without a 'data' directory Flavors: r-oldrel-macos-arm64, r-oldrel-macos-x86_64, r-oldrel-windows-x86_64