Last updated on 2025-10-31 05:48:45 CET.
| Flavor | Version | Tinstall | Tcheck | Ttotal | Status | Flags | 
|---|---|---|---|---|---|---|
| r-devel-linux-x86_64-debian-clang | 1.6 | 2.06 | 24.08 | 26.14 | NOTE | |
| r-devel-linux-x86_64-debian-gcc | 1.6 | 1.77 | 19.60 | 21.37 | NOTE | |
| r-devel-linux-x86_64-fedora-clang | 1.6 | 39.42 | OK | |||
| r-devel-linux-x86_64-fedora-gcc | 1.6 | 37.08 | OK | |||
| r-devel-windows-x86_64 | 1.6 | 3.00 | 43.00 | 46.00 | OK | |
| r-patched-linux-x86_64 | 1.6 | 2.51 | 23.16 | 25.67 | OK | |
| r-release-linux-x86_64 | 1.6 | 2.46 | 23.18 | 25.64 | OK | |
| r-release-macos-arm64 | 1.6 | 1.00 | 19.00 | 20.00 | OK | |
| r-release-macos-x86_64 | 1.6 | 2.00 | 25.00 | 27.00 | OK | |
| r-release-windows-x86_64 | 1.6 | 4.00 | 45.00 | 49.00 | OK | |
| r-oldrel-macos-arm64 | 1.6 | 1.00 | 15.00 | 16.00 | OK | |
| r-oldrel-macos-x86_64 | 1.6 | 2.00 | 20.00 | 22.00 | OK | |
| r-oldrel-windows-x86_64 | 1.6 | 3.00 | 48.00 | 51.00 | OK | 
Version: 1.6
Check: CRAN incoming feasibility
Result: NOTE
  Maintainer: ‘Zhiyong Zhang <johnnyzhz@gmail.com>’
  
  No Authors@R field in DESCRIPTION.
  Please add one, modifying
    Authors@R: c(person(given = "Haiyan",
                        family = "Liu",
                        role = "aut"),
                 person(given = "Zhiyong",
                        family = "Zhang",
                        role = c("aut", "cre"),
                        email = "johnnyzhz@gmail.com"))
  as necessary.
Flavors: r-devel-linux-x86_64-debian-clang, r-devel-linux-x86_64-debian-gcc