Last updated on 2025-11-15 17:48:53 CET.
| Flavor | Version | Tinstall | Tcheck | Ttotal | Status | Flags |
|---|---|---|---|---|---|---|
| r-devel-linux-x86_64-debian-clang | 2.0.3 | 62.27 | 902.25 | 964.52 | OK | |
| r-devel-linux-x86_64-debian-gcc | 2.0.3 | 57.44 | 489.17 | 546.61 | OK | |
| r-devel-linux-x86_64-fedora-clang | 2.0.3 | 115.00 | 1520.52 | 1635.52 | OK | |
| r-devel-linux-x86_64-fedora-gcc | 2.0.3 | 156.00 | 1534.71 | 1690.71 | OK | |
| r-devel-windows-x86_64 | 2.0.3 | 76.00 | 809.00 | 885.00 | OK | |
| r-patched-linux-x86_64 | 2.0.3 | 76.93 | 871.93 | 948.86 | OK | |
| r-release-linux-x86_64 | 2.0.3 | 75.22 | 888.10 | 963.32 | OK | |
| r-release-macos-arm64 | 2.0.3 | 27.00 | 339.00 | 366.00 | OK | |
| r-release-macos-x86_64 | 2.0.3 | 65.00 | 985.00 | 1050.00 | OK | |
| r-release-windows-x86_64 | 2.0.3 | 70.00 | 791.00 | 861.00 | OK | |
| r-oldrel-macos-arm64 | 2.0.3 | 26.00 | 309.00 | 335.00 | NOTE | |
| r-oldrel-macos-x86_64 | 2.0.3 | 62.00 | 1015.00 | 1077.00 | NOTE | |
| r-oldrel-windows-x86_64 | 2.0.3 | 65.00 | 1066.00 | 1131.00 | OK |
Version: 2.0.3
Check: installed package size
Result: NOTE
installed size is 33.1Mb
sub-directories of 1Mb or more:
libs 32.3Mb
Flavors: r-oldrel-macos-arm64, r-oldrel-macos-x86_64