Last updated on 2025-11-20 17:49:42 CET.
| Flavor | Version | Tinstall | Tcheck | Ttotal | Status | Flags |
|---|---|---|---|---|---|---|
| r-devel-linux-x86_64-debian-clang | 0.1.0 | 7.99 | 77.89 | 85.88 | NOTE | |
| r-devel-linux-x86_64-debian-gcc | 0.1.0 | 5.68 | 57.71 | 63.39 | NOTE | |
| r-devel-linux-x86_64-fedora-clang | 0.1.0 | 43.00 | 95.98 | 138.98 | NOTE | |
| r-devel-linux-x86_64-fedora-gcc | 0.1.0 | 18.00 | 106.11 | 124.11 | NOTE | |
| r-devel-windows-x86_64 | 0.1.0 | 13.00 | 83.00 | 96.00 | OK | |
| r-patched-linux-x86_64 | 0.1.0 | 7.34 | 73.35 | 80.69 | OK | |
| r-release-linux-x86_64 | 0.1.0 | 7.59 | 72.96 | 80.55 | OK | |
| r-release-macos-arm64 | 0.1.0 | OK | ||||
| r-release-macos-x86_64 | 0.1.0 | 8.00 | 65.00 | 73.00 | OK | |
| r-release-windows-x86_64 | 0.1.0 | 10.00 | 83.00 | 93.00 | OK | |
| r-oldrel-macos-arm64 | 0.1.0 | NOTE | ||||
| r-oldrel-macos-x86_64 | 0.1.0 | 7.00 | 59.00 | 66.00 | NOTE | |
| r-oldrel-windows-x86_64 | 0.1.0 | 12.00 | 102.00 | 114.00 | NOTE |
Version: 0.1.0
Check: DESCRIPTION meta-information
Result: NOTE
Author field differs from that derived from Authors@R
Author: ‘Robrecht Cannoodt [aut, cre] (<https://orcid.org/0000-0003-3641-729X>, rcannood), Wouter Saelens [aut] (<https://orcid.org/0000-0002-7114-6248>, zouter)’
Authors@R: ‘Robrecht Cannoodt [aut, cre] (ORCID: <https://orcid.org/0000-0003-3641-729X>, github: rcannood), Wouter Saelens [aut] (ORCID: <https://orcid.org/0000-0002-7114-6248>, github: zouter)’
Flavors: r-devel-linux-x86_64-debian-clang, r-devel-linux-x86_64-debian-gcc
Version: 0.1.0
Check: dependencies in R code
Result: NOTE
Namespace in Imports field not imported from: ‘Matrix’
All declared Imports should be used.
Flavors: r-devel-linux-x86_64-fedora-clang, r-devel-linux-x86_64-fedora-gcc
Version: 0.1.0
Check: LazyData
Result: NOTE
'LazyData' is specified without a 'data' directory
Flavors: r-oldrel-macos-arm64, r-oldrel-macos-x86_64, r-oldrel-windows-x86_64