Last updated on 2025-11-15 05:48:54 CET.
| Flavor | Version | Tinstall | Tcheck | Ttotal | Status | Flags |
|---|---|---|---|---|---|---|
| r-devel-linux-x86_64-debian-clang | 0.10.1 | 16.35 | 145.18 | 161.53 | NOTE | |
| r-devel-linux-x86_64-debian-gcc | 0.10.1 | 10.36 | 104.54 | 114.90 | NOTE | |
| r-devel-linux-x86_64-fedora-clang | 0.10.1 | 54.00 | 199.15 | 253.15 | OK | |
| r-devel-linux-x86_64-fedora-gcc | 0.10.1 | 32.00 | 201.47 | 233.47 | OK | |
| r-devel-windows-x86_64 | 0.10.1 | 18.00 | 143.00 | 161.00 | OK | |
| r-patched-linux-x86_64 | 0.10.1 | 16.35 | 138.65 | 155.00 | OK | |
| r-release-linux-x86_64 | 0.10.1 | 14.86 | 138.81 | 153.67 | OK | |
| r-release-macos-arm64 | 0.10.1 | 6.00 | 54.00 | 60.00 | OK | |
| r-release-macos-x86_64 | 0.10.1 | 13.00 | 102.00 | 115.00 | OK | |
| r-release-windows-x86_64 | 0.10.1 | 16.00 | 141.00 | 157.00 | OK | |
| r-oldrel-macos-arm64 | 0.10.1 | 6.00 | 58.00 | 64.00 | OK | |
| r-oldrel-macos-x86_64 | 0.10.1 | 10.00 | 93.00 | 103.00 | OK | |
| r-oldrel-windows-x86_64 | 0.10.1 | 23.00 | 183.00 | 206.00 | OK |
Version: 0.10.1
Check: CRAN incoming feasibility
Result: NOTE
Maintainer: ‘Lars Kotthoff <larsko@uwyo.edu>’
No Authors@R field in DESCRIPTION.
Please add one, modifying
Authors@R: c(person(given = "Lars",
family = "Kotthoff",
role = c("aut", "cre"),
email = "larsko@uwyo.edu"),
person(given = "Bernd",
family = "Bischl",
role = "aut"),
person(given = "Barry",
family = "Hurley",
role = "ctb"),
person(given = "Talal",
family = "Rahwan",
role = "ctb"),
person(given = "Damir",
family = "Pulatov",
role = "ctb"))
as necessary.
Flavors: r-devel-linux-x86_64-debian-clang, r-devel-linux-x86_64-debian-gcc