Last updated on 2025-11-04 01:51:10 CET.
| Flavor | Version | Tinstall | Tcheck | Ttotal | Status | Flags | 
|---|---|---|---|---|---|---|
| r-devel-linux-x86_64-debian-clang | 2024.4.0 | 2.58 | 26.60 | 29.18 | NOTE | |
| r-devel-linux-x86_64-debian-gcc | 2024.4.0 | 2.09 | 22.28 | 24.37 | NOTE | |
| r-devel-linux-x86_64-fedora-clang | 2024.4.0 | 43.83 | NOTE | |||
| r-devel-linux-x86_64-fedora-gcc | 2024.4.0 | 38.49 | NOTE | |||
| r-devel-windows-x86_64 | 2024.4.0 | 5.00 | 43.00 | 48.00 | NOTE | |
| r-patched-linux-x86_64 | 2024.4.0 | 2.43 | 24.69 | 27.12 | NOTE | |
| r-release-linux-x86_64 | 2024.4.0 | 2.52 | 24.48 | 27.00 | NOTE | |
| r-release-macos-arm64 | 2024.4.0 | 2.00 | 20.00 | 22.00 | NOTE | |
| r-release-macos-x86_64 | 2024.4.0 | 3.00 | 27.00 | 30.00 | NOTE | |
| r-release-windows-x86_64 | 2024.4.0 | 5.00 | 42.00 | 47.00 | NOTE | |
| r-oldrel-macos-arm64 | 2024.4.0 | 1.00 | 18.00 | 19.00 | OK | |
| r-oldrel-macos-x86_64 | 2024.4.0 | 2.00 | 27.00 | 29.00 | OK | |
| r-oldrel-windows-x86_64 | 2024.4.0 | 6.00 | 50.00 | 56.00 | OK | 
Version: 2024.4.0
Check: DESCRIPTION meta-information
Result: NOTE
    Missing dependency on R >= 4.1.0 because package code uses the pipe
    |> or function shorthand \(...) syntax added in R 4.1.0.
    File(s) using such syntax:
      ‘auto.R’
Flavors: r-devel-linux-x86_64-debian-clang, r-devel-linux-x86_64-debian-gcc, r-devel-linux-x86_64-fedora-clang, r-devel-linux-x86_64-fedora-gcc, r-devel-windows-x86_64, r-patched-linux-x86_64, r-release-linux-x86_64, r-release-macos-arm64, r-release-macos-x86_64, r-release-windows-x86_64