Last updated on 2025-11-01 09:50:20 CET.
| Flavor | Version | Tinstall | Tcheck | Ttotal | Status | Flags |
|---|---|---|---|---|---|---|
| r-devel-linux-x86_64-debian-clang | 6.6.0 | 1051.05 | 257.80 | 1308.85 | OK | |
| r-devel-linux-x86_64-debian-gcc | 6.6.0 | 510.95 | 178.91 | 689.86 | OK | |
| r-devel-linux-x86_64-fedora-clang | 6.6.0 | 1560.00 | 255.31 | 1815.31 | OK | |
| r-devel-linux-x86_64-fedora-gcc | 6.6.0 | 900.00 | 1012.15 | 1912.15 | OK | |
| r-devel-windows-x86_64 | 6.5.1 | 537.00 | 270.00 | 807.00 | OK | |
| r-patched-linux-x86_64 | 6.6.0 | 748.89 | 247.26 | 996.15 | OK | |
| r-release-linux-x86_64 | 6.5.1 | 775.25 | 217.87 | 993.12 | OK | |
| r-release-macos-arm64 | 6.6.0 | 258.00 | 60.00 | 318.00 | OK | |
| r-release-macos-x86_64 | 6.6.0 | 537.00 | 187.00 | 724.00 | OK | |
| r-release-windows-x86_64 | 6.6.0 | 439.00 | 315.00 | 754.00 | OK | |
| r-oldrel-macos-arm64 | 6.6.0 | 287.00 | 71.00 | 358.00 | NOTE | |
| r-oldrel-macos-x86_64 | 6.6.0 | 597.00 | 231.00 | 828.00 | NOTE | |
| r-oldrel-windows-x86_64 | 6.6.0 | 617.00 | 396.00 | 1013.00 | NOTE |
Version: 6.6.0
Check: installed package size
Result: NOTE
installed size is 92.0Mb
sub-directories of 1Mb or more:
doc 2.6Mb
libs 87.3Mb
Flavors: r-oldrel-macos-arm64, r-oldrel-macos-x86_64, r-oldrel-windows-x86_64