Last updated on 2025-10-31 14:49:45 CET.
| Flavor | Version | Tinstall | Tcheck | Ttotal | Status | Flags | 
|---|---|---|---|---|---|---|
| r-devel-linux-x86_64-debian-clang | 1.5.2 | 3.95 | 40.89 | 44.84 | NOTE | |
| r-devel-linux-x86_64-debian-gcc | 1.5.2 | 3.21 | 33.38 | 36.59 | NOTE | |
| r-devel-linux-x86_64-fedora-clang | 1.5.2 | 15.00 | 51.43 | 66.43 | OK | |
| r-devel-linux-x86_64-fedora-gcc | 1.5.2 | 61.36 | OK | |||
| r-devel-windows-x86_64 | 1.5.2 | 8.00 | 59.00 | 67.00 | OK | |
| r-patched-linux-x86_64 | 1.5.2 | 5.23 | 39.21 | 44.44 | OK | |
| r-release-linux-x86_64 | 1.5.2 | 4.24 | 39.29 | 43.53 | OK | |
| r-release-macos-arm64 | 1.5.2 | 4.00 | 24.00 | 28.00 | OK | |
| r-release-macos-x86_64 | 1.5.2 | 5.00 | 42.00 | 47.00 | OK | |
| r-release-windows-x86_64 | 1.5.2 | 10.00 | 61.00 | 71.00 | OK | |
| r-oldrel-macos-arm64 | 1.5.2 | 4.00 | 33.00 | 37.00 | OK | |
| r-oldrel-macos-x86_64 | 1.5.2 | 4.00 | 32.00 | 36.00 | OK | |
| r-oldrel-windows-x86_64 | 1.5.2 | 9.00 | 73.00 | 82.00 | OK | 
Version: 1.5.2
Check: CRAN incoming feasibility
Result: NOTE
  Maintainer: ‘Santiago Olivella <olivella@unc.edu>’
  
  No Authors@R field in DESCRIPTION.
  Please add one, modifying
    Authors@R: c(person(given = "Jonathan",
                        family = "Chang",
                        role = "aut"),
                 person(given = "Santiago",
                        family = "Olivella",
                        role = "cre",
                        email = "olivella@unc.edu"))
  as necessary.
Flavors: r-devel-linux-x86_64-debian-clang, r-devel-linux-x86_64-debian-gcc