Last updated on 2025-11-12 12:53:13 CET.
| Flavor | Version | Tinstall | Tcheck | Ttotal | Status | Flags |
|---|---|---|---|---|---|---|
| r-devel-linux-x86_64-debian-clang | 0.1.0 | 4.16 | 50.82 | 54.98 | OK | |
| r-devel-linux-x86_64-debian-gcc | 0.1.0 | 4.07 | 40.01 | 44.08 | OK | |
| r-devel-linux-x86_64-fedora-clang | 0.1.0 | 25.00 | 62.90 | 87.90 | OK | |
| r-devel-linux-x86_64-fedora-gcc | 0.1.0 | 11.00 | 66.97 | 77.97 | OK | |
| r-devel-windows-x86_64 | 0.1.0 | 10.00 | 64.00 | 74.00 | OK | |
| r-patched-linux-x86_64 | 0.1.0 | 5.00 | 48.05 | 53.05 | OK | |
| r-release-linux-x86_64 | 0.1.0 | 4.67 | 49.08 | 53.75 | OK | |
| r-release-macos-arm64 | 0.1.0 | 3.00 | 32.00 | 35.00 | OK | |
| r-release-macos-x86_64 | 0.1.0 | 4.00 | 52.00 | 56.00 | OK | |
| r-release-windows-x86_64 | 0.1.0 | 8.00 | 64.00 | 72.00 | OK | |
| r-oldrel-macos-arm64 | 0.1.0 | 2.00 | 25.00 | 27.00 | NOTE | |
| r-oldrel-macos-x86_64 | 0.1.0 | 3.00 | 39.00 | 42.00 | NOTE | |
| r-oldrel-windows-x86_64 | 0.1.0 | 9.00 | 76.00 | 85.00 | NOTE |
Version: 0.1.0
Check: LazyData
Result: NOTE
'LazyData' is specified without a 'data' directory
Flavors: r-oldrel-macos-arm64, r-oldrel-macos-x86_64, r-oldrel-windows-x86_64