Last updated on 2025-10-31 17:50:18 CET.
| Flavor | Version | Tinstall | Tcheck | Ttotal | Status | Flags | 
|---|---|---|---|---|---|---|
| r-devel-linux-x86_64-debian-clang | 1.4.0 | 14.45 | 91.93 | 106.38 | NOTE | --no-vignettes | 
| r-devel-linux-x86_64-debian-gcc | 1.4.0 | 9.30 | 61.21 | 70.51 | NOTE | --no-vignettes | 
| r-devel-linux-x86_64-fedora-clang | 1.4.0 | 32.00 | 134.94 | 166.94 | NOTE | --no-vignettes | 
| r-devel-linux-x86_64-fedora-gcc | 1.4.0 | 33.00 | 112.02 | 145.02 | NOTE | --no-vignettes | 
| r-devel-windows-x86_64 | 1.4.0 | 14.00 | 125.00 | 139.00 | NOTE | --no-vignettes | 
| r-patched-linux-x86_64 | 1.4.0 | 16.31 | 84.59 | 100.90 | NOTE | --no-vignettes | 
| r-release-linux-x86_64 | 1.4.0 | 14.49 | 85.08 | 99.57 | NOTE | --no-vignettes | 
| r-release-macos-arm64 | 1.4.0 | 5.00 | 604.00 | 609.00 | NOTE | |
| r-release-macos-x86_64 | 1.4.0 | 12.00 | 1435.00 | 1447.00 | NOTE | |
| r-release-windows-x86_64 | 1.4.0 | 16.00 | 129.00 | 145.00 | NOTE | --no-vignettes | 
| r-oldrel-macos-arm64 | 1.4.0 | 6.00 | 630.00 | 636.00 | NOTE | |
| r-oldrel-macos-x86_64 | 1.4.0 | 10.00 | 1126.00 | 1136.00 | NOTE | |
| r-oldrel-windows-x86_64 | 1.4.0 | 20.00 | 142.00 | 162.00 | NOTE | --no-vignettes | 
Version: 1.4.0
Flags: --no-vignettes
Check: Rd files
Result: NOTE
  checkRd: (-1) sTsls.Rd:17: Lost braces; missing escapes or markup?
      17 | \item{pi}{the matrix E[XZ']E[ZZ']^{-1}}
         |                                   ^
  checkRd: (-1) sTslsSplines.Rd:20: Lost braces; missing escapes or markup?
      20 | \item{pi}{matrix, corresponds to E[XZ']E[ZZ']^{-1}, the first stage
         |                                               ^
Flavors: r-devel-linux-x86_64-debian-clang, r-devel-linux-x86_64-debian-gcc, r-devel-linux-x86_64-fedora-clang, r-devel-linux-x86_64-fedora-gcc, r-devel-windows-x86_64, r-patched-linux-x86_64, r-release-linux-x86_64, r-release-windows-x86_64, r-oldrel-windows-x86_64
Version: 1.4.0
Check: Rd files
Result: NOTE
  checkRd: (-1) sTsls.Rd:17: Lost braces; missing escapes or markup?
      17 | \item{pi}{the matrix E[XZ']E[ZZ']^{-1}}
         |                                   ^
  checkRd: (-1) sTslsSplines.Rd:20: Lost braces; missing escapes or markup?
      20 | \item{pi}{matrix, corresponds to E[XZ']E[ZZ']^{-1}, the first stage
         |                                               ^
Flavors: r-release-macos-arm64, r-release-macos-x86_64, r-oldrel-macos-arm64, r-oldrel-macos-x86_64
Version: 1.4.0
Check: package dependencies
Result: NOTE
  Packages suggested but not available for checking: 'gurobi', 'cplexAPI'
Flavors: r-oldrel-macos-arm64, r-oldrel-macos-x86_64
Version: 1.4.0
Flags: --no-vignettes
Check: package dependencies
Result: NOTE
  Packages suggested but not available for checking: 'gurobi', 'cplexAPI'
Flavor: r-oldrel-windows-x86_64