CRAN Package Check Results for Package ie2miscdata

Last updated on 2025-11-15 21:49:37 CET.

Flavor Version Tinstall Tcheck Ttotal Status Flags
r-devel-linux-x86_64-debian-clang 1.0.4 2.31 135.84 138.15 NOTE
r-devel-linux-x86_64-debian-gcc 1.0.4 1.78 195.89 197.67 NOTE
r-devel-linux-x86_64-fedora-clang 1.0.4 13.00 170.33 183.33 OK
r-devel-linux-x86_64-fedora-gcc 1.0.4 189.09 OK
r-devel-windows-x86_64 1.0.4 7.00 214.00 221.00 OK
r-patched-linux-x86_64 1.0.4 3.26 132.91 136.17 OK
r-release-linux-x86_64 1.0.4 2.16 134.51 136.67 OK
r-release-macos-arm64 1.0.4 2.00 97.00 99.00 OK
r-release-macos-x86_64 1.0.4 3.00 148.00 151.00 OK
r-release-windows-x86_64 1.0.4 7.00 244.00 251.00 OK
r-oldrel-macos-arm64 1.0.4 1.00 87.00 88.00 OK
r-oldrel-macos-x86_64 1.0.4 2.00 109.00 111.00 OK
r-oldrel-windows-x86_64 1.0.4 7.00 219.00 226.00 OK

Check Details

Version: 1.0.4
Check: CRAN incoming feasibility
Result: NOTE Maintainer: ‘Irucka Embry <iembry@ecoccs.com>’ No Authors@R field in DESCRIPTION. Please add one, modifying Authors@R: person(given = "Irucka", family = "Embry", role = c("aut", "cre"), email = "iembry@ecoccs.com") as necessary. Flavors: r-devel-linux-x86_64-debian-clang, r-devel-linux-x86_64-debian-gcc