Last updated on 2025-11-04 05:51:13 CET.
| Flavor | Version | Tinstall | Tcheck | Ttotal | Status | Flags | 
|---|---|---|---|---|---|---|
| r-devel-linux-x86_64-debian-clang | 0.1.1 | 12.81 | 103.54 | 116.35 | NOTE | |
| r-devel-linux-x86_64-debian-gcc | 0.1.1 | 10.13 | 73.74 | 83.87 | NOTE | |
| r-devel-linux-x86_64-fedora-clang | 0.1.1 | 61.00 | 133.57 | 194.57 | OK | |
| r-devel-linux-x86_64-fedora-gcc | 0.1.1 | 31.00 | 140.76 | 171.76 | OK | |
| r-devel-windows-x86_64 | 0.1.1 | 16.00 | 101.00 | 117.00 | OK | |
| r-patched-linux-x86_64 | 0.1.1 | 14.14 | 100.05 | 114.19 | OK | |
| r-release-linux-x86_64 | 0.1.1 | 12.92 | 97.70 | 110.62 | OK | |
| r-release-macos-arm64 | 0.1.1 | 7.00 | 42.00 | 49.00 | OK | |
| r-release-macos-x86_64 | 0.1.1 | 13.00 | 76.00 | 89.00 | OK | |
| r-release-windows-x86_64 | 0.1.1 | 15.00 | 99.00 | 114.00 | OK | |
| r-oldrel-macos-arm64 | 0.1.1 | 5.00 | 41.00 | 46.00 | OK | |
| r-oldrel-macos-x86_64 | 0.1.1 | 9.00 | 64.00 | 73.00 | OK | |
| r-oldrel-windows-x86_64 | 0.1.1 | 19.00 | 129.00 | 148.00 | OK | 
Version: 0.1.1
Check: CRAN incoming feasibility
Result: NOTE
  Maintainer: ‘Atanu Bhattacharjee <atanustat@gmail.com>’
  
  The Description field contains
    <arXiv:2012.02102>.
  Please refer to arXiv e-prints via their arXiv DOI <doi:10.48550/arXiv.YYMM.NNNNN>.
Flavors: r-devel-linux-x86_64-debian-clang, r-devel-linux-x86_64-debian-gcc