Last updated on 2025-10-31 14:49:43 CET.
| Flavor | Version | Tinstall | Tcheck | Ttotal | Status | Flags | 
|---|---|---|---|---|---|---|
| r-devel-linux-x86_64-debian-clang | 0.1.1 | 14.21 | 111.57 | 125.78 | OK | |
| r-devel-linux-x86_64-debian-gcc | 0.1.1 | 9.89 | 77.79 | 87.68 | OK | |
| r-devel-linux-x86_64-fedora-clang | 0.1.1 | 74.00 | 137.93 | 211.93 | OK | |
| r-devel-linux-x86_64-fedora-gcc | 0.1.1 | 32.00 | 162.52 | 194.52 | OK | |
| r-devel-windows-x86_64 | 0.1.1 | 18.00 | 111.00 | 129.00 | OK | |
| r-patched-linux-x86_64 | 0.1.1 | 15.47 | 105.81 | 121.28 | OK | |
| r-release-linux-x86_64 | 0.1.1 | 14.44 | 108.45 | 122.89 | OK | |
| r-release-macos-arm64 | 0.1.1 | 9.00 | 69.00 | 78.00 | OK | |
| r-release-macos-x86_64 | 0.1.1 | 18.00 | 117.00 | 135.00 | OK | |
| r-release-windows-x86_64 | 0.1.1 | 20.00 | 112.00 | 132.00 | OK | |
| r-oldrel-macos-arm64 | 0.1.1 | 8.00 | 58.00 | 66.00 | NOTE | |
| r-oldrel-macos-x86_64 | 0.1.1 | 23.00 | 155.00 | 178.00 | NOTE | |
| r-oldrel-windows-x86_64 | 0.1.1 | 25.00 | 141.00 | 166.00 | NOTE | 
Version: 0.1.1
Check: package dependencies
Result: NOTE
  Package suggested but not available for checking: ‘cmdstanr’
Flavors: r-oldrel-macos-arm64, r-oldrel-macos-x86_64, r-oldrel-windows-x86_64