Last updated on 2025-10-31 14:49:43 CET.
| Flavor | Version | Tinstall | Tcheck | Ttotal | Status | Flags | 
|---|---|---|---|---|---|---|
| r-devel-linux-x86_64-debian-clang | 0.1.2 | 5.06 | 26.72 | 31.78 | OK | |
| r-devel-linux-x86_64-debian-gcc | 0.1.2 | 3.94 | 21.27 | 25.21 | OK | |
| r-devel-linux-x86_64-fedora-clang | 0.1.2 | 23.00 | 23.39 | 46.39 | OK | |
| r-devel-linux-x86_64-fedora-gcc | 0.1.2 | 12.00 | 29.87 | 41.87 | OK | |
| r-devel-windows-x86_64 | 0.1.2 | 11.00 | 57.00 | 68.00 | OK | |
| r-patched-linux-x86_64 | 0.1.2 | 5.56 | 24.10 | 29.66 | OK | |
| r-release-linux-x86_64 | 0.1.2 | 5.03 | 23.88 | 28.91 | OK | |
| r-release-macos-arm64 | 0.1.2 | 5.00 | 19.00 | 24.00 | OK | |
| r-release-macos-x86_64 | 0.1.2 | 5.00 | 26.00 | 31.00 | OK | |
| r-release-windows-x86_64 | 0.1.2 | 13.00 | 59.00 | 72.00 | OK | |
| r-oldrel-macos-arm64 | 0.1.2 | 3.00 | 20.00 | 23.00 | OK | |
| r-oldrel-macos-x86_64 | 0.1.2 | 5.00 | 34.00 | 39.00 | OK | |
| r-oldrel-windows-x86_64 | 0.1.2 | 12.00 | 10.00 | 22.00 | ERROR | 
Version: 0.1.2
Check: package dependencies
Result: ERROR
  Package required and available but unsuitable version: 'h3lib'
  
  See section 'The DESCRIPTION file' in the 'Writing R Extensions'
  manual.
Flavor: r-oldrel-windows-x86_64