Last updated on 2025-10-28 17:50:34 CET.
| Flavor | Version | Tinstall | Tcheck | Ttotal | Status | Flags | 
|---|---|---|---|---|---|---|
| r-devel-linux-x86_64-debian-clang | 0.1.4 | 41.53 | 104.66 | 146.19 | OK | |
| r-devel-linux-x86_64-debian-gcc | 0.1.4 | 30.07 | 78.40 | 108.47 | OK | |
| r-devel-linux-x86_64-fedora-clang | 0.1.4 | 162.00 | 100.53 | 262.53 | OK | |
| r-devel-linux-x86_64-fedora-gcc | 0.1.4 | 78.00 | 165.38 | 243.38 | OK | |
| r-devel-windows-x86_64 | 0.1.4 | 45.00 | 150.00 | 195.00 | OK | |
| r-patched-linux-x86_64 | 0.1.4 | 43.32 | 101.46 | 144.78 | OK | |
| r-release-linux-x86_64 | 0.1.4 | 45.45 | 101.93 | 147.38 | OK | |
| r-release-macos-arm64 | 0.1.4 | 20.00 | 74.00 | 94.00 | OK | |
| r-release-macos-x86_64 | 0.1.4 | 18.00 | 116.00 | 134.00 | OK | |
| r-release-windows-x86_64 | 0.1.4 | 48.00 | 146.00 | 194.00 | OK | |
| r-oldrel-macos-arm64 | 0.1.4 | 19.00 | 76.00 | 95.00 | NOTE | |
| r-oldrel-macos-x86_64 | 0.1.4 | 20.00 | 115.00 | 135.00 | NOTE | |
| r-oldrel-windows-x86_64 | 0.1.4 | 51.00 | 178.00 | 229.00 | NOTE | 
Version: 0.1.4
Check: installed package size
Result: NOTE
    installed size is  8.2Mb
    sub-directories of 1Mb or more:
      doc    4.1Mb
      libs   3.4Mb
Flavors: r-oldrel-macos-arm64, r-oldrel-macos-x86_64, r-oldrel-windows-x86_64