Last updated on 2025-10-30 05:51:13 CET.
| Flavor | Version | Tinstall | Tcheck | Ttotal | Status | Flags | 
|---|---|---|---|---|---|---|
| r-devel-linux-x86_64-debian-clang | 1.2.1 | 46.64 | 116.97 | 163.61 | WARN | |
| r-devel-linux-x86_64-debian-gcc | 1.2.1 | 32.62 | 78.54 | 111.16 | WARN | |
| r-devel-linux-x86_64-fedora-clang | 1.2.1 | 256.00 | 21.83 | 277.83 | NOTE | |
| r-devel-linux-x86_64-fedora-gcc | 1.2.1 | 104.00 | 134.69 | 238.69 | NOTE | |
| r-devel-windows-x86_64 | 1.2.1 | 50.00 | 131.00 | 181.00 | NOTE | |
| r-patched-linux-x86_64 | 1.2.1 | 45.76 | 107.82 | 153.58 | NOTE | |
| r-release-linux-x86_64 | 1.2.1 | 43.44 | 109.81 | 153.25 | NOTE | |
| r-release-macos-arm64 | 1.2.1 | 19.00 | 42.00 | 61.00 | NOTE | |
| r-release-macos-x86_64 | 1.2.1 | 36.00 | 95.00 | 131.00 | NOTE | |
| r-release-windows-x86_64 | 1.2.1 | 49.00 | 132.00 | 181.00 | NOTE | |
| r-oldrel-macos-arm64 | 1.2.1 | 19.00 | 42.00 | 61.00 | NOTE | |
| r-oldrel-macos-x86_64 | 1.2.1 | 28.00 | 60.00 | 88.00 | NOTE | |
| r-oldrel-windows-x86_64 | 1.2.1 | 63.00 | 172.00 | 235.00 | NOTE | 
Version: 1.2.1
Check: CRAN incoming feasibility
Result: NOTE
  Maintainer: ‘Yiqing Xu <yiqingxu@stanford.edu>’
  
  No Authors@R field in DESCRIPTION.
  Please add one, modifying
    Authors@R: c(person(given = "Yiqing",
                        family = "Xu",
                        role = c("aut", "cre"),
                        email = "yiqingxu@stanford.edu"),
                 person(given = "Licheng",
                        family = "Liu",
                        role = "aut"))
  as necessary.
Flavors: r-devel-linux-x86_64-debian-clang, r-devel-linux-x86_64-debian-gcc
Version: 1.2.1
Check: whether package can be installed
Result: WARN
  Found the following significant warnings:
    /home/hornik/tmp/R.check/r-devel-clang/Work/build/Packages/RcppArmadillo/include/RcppArmadillo/version/arma.h:66:17: warning: Using fallback compilation with Armadillo 14.6.3. Please consider defining -DARMA_USE_CURRENT and also removing C++11 compilation directive. See GitHub issue #475 for more. [-W#pragma-messages]
  See ‘/home/hornik/tmp/R.check/r-devel-clang/Work/PKGS/gsynth.Rcheck/00install.out’ for details.
  * used C++ compiler: ‘Debian clang version 19.1.7 (7)’
Flavor: r-devel-linux-x86_64-debian-clang
Version: 1.2.1
Check: C++ specification
Result: NOTE
    Specified C++11: please drop specification unless essential
Flavors: r-devel-linux-x86_64-debian-clang, r-devel-linux-x86_64-debian-gcc, r-devel-linux-x86_64-fedora-clang, r-devel-linux-x86_64-fedora-gcc, r-devel-windows-x86_64, r-patched-linux-x86_64, r-release-linux-x86_64, r-release-macos-arm64, r-release-macos-x86_64, r-release-windows-x86_64, r-oldrel-macos-arm64, r-oldrel-macos-x86_64, r-oldrel-windows-x86_64
Version: 1.2.1
Check: whether package can be installed
Result: WARN
  Found the following significant warnings:
    /home/hornik/tmp/R.check/r-devel-gcc/Work/build/Packages/RcppArmadillo/include/RcppArmadillo/version/arma.h:66:199: note: ‘#pragma message: Using fallback compilation with Armadillo 14.6.3. Please consider defining -DARMA_USE_CURRENT and also removing C++11 compilation directive. See GitHub issue #475 for more.’
  See ‘/home/hornik/tmp/R.check/r-devel-gcc/Work/PKGS/gsynth.Rcheck/00install.out’ for details.
  * used C++ compiler: ‘g++-15 (Debian 15.2.0-4) 15.2.0’
Flavor: r-devel-linux-x86_64-debian-gcc