Last updated on 2025-10-31 17:50:17 CET.
| Flavor | Version | Tinstall | Tcheck | Ttotal | Status | Flags | 
|---|---|---|---|---|---|---|
| r-devel-linux-x86_64-debian-clang | 0.1.1 | 1.67 | 23.09 | 24.76 | NOTE | |
| r-devel-linux-x86_64-debian-gcc | 0.1.1 | 1.48 | 18.59 | 20.07 | NOTE | |
| r-devel-linux-x86_64-fedora-clang | 0.1.1 | 11.00 | 27.19 | 38.19 | OK | |
| r-devel-linux-x86_64-fedora-gcc | 0.1.1 | 34.45 | OK | |||
| r-devel-windows-x86_64 | 0.1.1 | 2.00 | 39.00 | 41.00 | OK | |
| r-patched-linux-x86_64 | 0.1.1 | 2.15 | 22.26 | 24.41 | OK | |
| r-release-linux-x86_64 | 0.1.1 | 1.67 | 21.73 | 23.40 | OK | |
| r-release-macos-arm64 | 0.1.1 | 1.00 | 17.00 | 18.00 | OK | |
| r-release-macos-x86_64 | 0.1.1 | 2.00 | 23.00 | 25.00 | OK | |
| r-release-windows-x86_64 | 0.1.1 | 2.00 | 43.00 | 45.00 | OK | |
| r-oldrel-macos-arm64 | 0.1.1 | 1.00 | 13.00 | 14.00 | NOTE | |
| r-oldrel-macos-x86_64 | 0.1.1 | 1.00 | 21.00 | 22.00 | NOTE | |
| r-oldrel-windows-x86_64 | 0.1.1 | 6.00 | 48.00 | 54.00 | NOTE | 
Version: 0.1.1
Check: CRAN incoming feasibility
Result: NOTE
  Maintainer: ‘Niklas Pfister <pfister@stat.math.ethz.ch>’
  
  No Authors@R field in DESCRIPTION.
  Please add one, modifying
    Authors@R: c(person(given = "Niklas",
                        family = "Pfister",
                        role = c("aut", "cre"),
                        email = "pfister@stat.math.ethz.ch"),
                 person(given = "Sebastian",
                        family = "Weichwald",
                        role = "aut"))
  as necessary.
Flavors: r-devel-linux-x86_64-debian-clang, r-devel-linux-x86_64-debian-gcc
Version: 0.1.1
Check: LazyData
Result: NOTE
    'LazyData' is specified without a 'data' directory
Flavors: r-oldrel-macos-arm64, r-oldrel-macos-x86_64, r-oldrel-windows-x86_64