Last updated on 2025-10-31 17:50:17 CET.
| Flavor | Version | Tinstall | Tcheck | Ttotal | Status | Flags | 
|---|---|---|---|---|---|---|
| r-devel-linux-x86_64-debian-clang | 0.2.20 | 3.02 | 32.97 | 35.99 | NOTE | |
| r-devel-linux-x86_64-debian-gcc | 0.2.20 | 2.41 | 26.27 | 28.68 | NOTE | |
| r-devel-linux-x86_64-fedora-clang | 0.2.20 | 15.00 | 42.61 | 57.61 | NOTE | |
| r-devel-linux-x86_64-fedora-gcc | 0.2.20 | 12.00 | 57.19 | 69.19 | NOTE | |
| r-devel-windows-x86_64 | 0.2.20 | 5.00 | 50.00 | 55.00 | OK | |
| r-patched-linux-x86_64 | 0.2.20 | 2.94 | 31.91 | 34.85 | OK | |
| r-release-linux-x86_64 | 0.2.20 | 2.44 | 32.01 | 34.45 | OK | |
| r-release-macos-arm64 | 0.2.20 | 2.00 | 45.00 | 47.00 | OK | |
| r-release-macos-x86_64 | 0.2.20 | 3.00 | 52.00 | 55.00 | OK | |
| r-release-windows-x86_64 | 0.2.20 | 6.00 | 51.00 | 57.00 | OK | |
| r-oldrel-macos-arm64 | 0.2.20 | 1.00 | 25.00 | 26.00 | NOTE | |
| r-oldrel-macos-x86_64 | 0.2.20 | 2.00 | 38.00 | 40.00 | NOTE | |
| r-oldrel-windows-x86_64 | 0.2.20 | 8.00 | 59.00 | 67.00 | NOTE | 
Version: 0.2.20
Check: CRAN incoming feasibility
Result: NOTE
  Maintainer: ‘Jader Lugon Junior <jlugonjr@gmail.com>’
  
  No Authors@R field in DESCRIPTION.
  Please add one, modifying
    Authors@R: c(person(given = c("Jader", "Lugon"),
                        family = "Junior",
                        role = c("aut", "cre"),
                        email = "jlugonjr@gmail.com"),
                 person(given = c("Antonio", "Jose", "da", "Silva"),
                        family = "Neto",
                        role = "aut"))
  as necessary.
Flavors: r-devel-linux-x86_64-debian-clang, r-devel-linux-x86_64-debian-gcc
Version: 0.2.20
Check: Rd files
Result: NOTE
  checkRd: (-1) cost.Rd:13: height/width attributes should be in pixels
  checkRd: (-1) invprob.Rd:12: height/width attributes should be in pixels
  checkRd: (-1) sensitivity.Rd:13: height/width attributes should be in pixels
  checkRd: (-1) synthetic.Rd:16: height/width attributes should be in pixels
Flavors: r-devel-linux-x86_64-debian-clang, r-devel-linux-x86_64-debian-gcc, r-devel-linux-x86_64-fedora-clang, r-devel-linux-x86_64-fedora-gcc
Version: 0.2.20
Check: dependencies in R code
Result: NOTE
  Namespace in Imports field not imported from: ‘usethis’
    All declared Imports should be used.
Flavors: r-devel-linux-x86_64-fedora-clang, r-devel-linux-x86_64-fedora-gcc
Version: 0.2.20
Check: LazyData
Result: NOTE
    'LazyData' is specified without a 'data' directory
Flavors: r-oldrel-macos-arm64, r-oldrel-macos-x86_64, r-oldrel-windows-x86_64