Last updated on 2025-11-02 01:48:37 CET.
| Flavor | Version | Tinstall | Tcheck | Ttotal | Status | Flags |
|---|---|---|---|---|---|---|
| r-devel-linux-x86_64-debian-clang | 0.2.0 | 4.11 | 34.94 | 39.05 | OK | |
| r-devel-linux-x86_64-debian-gcc | 0.2.0 | 2.73 | 26.76 | 29.49 | OK | |
| r-devel-linux-x86_64-fedora-clang | 0.2.0 | 25.00 | 33.35 | 58.35 | OK | |
| r-devel-linux-x86_64-fedora-gcc | 0.2.0 | 53.01 | OK | |||
| r-devel-windows-x86_64 | 0.2.0 | 5.00 | 52.00 | 57.00 | OK | |
| r-patched-linux-x86_64 | 0.2.0 | 3.17 | 31.71 | 34.88 | OK | |
| r-release-linux-x86_64 | 0.2.0 | 3.36 | 31.86 | 35.22 | OK | |
| r-release-macos-arm64 | 0.2.0 | 3.00 | 34.00 | 37.00 | OK | |
| r-release-macos-x86_64 | 0.2.0 | 4.00 | 34.00 | 38.00 | OK | |
| r-release-windows-x86_64 | 0.2.0 | 6.00 | 51.00 | 57.00 | OK | |
| r-oldrel-macos-arm64 | 0.2.0 | 2.00 | 20.00 | 22.00 | NOTE | |
| r-oldrel-macos-x86_64 | 0.2.0 | 3.00 | 27.00 | 30.00 | NOTE | |
| r-oldrel-windows-x86_64 | 0.2.0 | 7.00 | 64.00 | 71.00 | NOTE |
Version: 0.2.0
Check: LazyData
Result: NOTE
'LazyData' is specified without a 'data' directory
Flavors: r-oldrel-macos-arm64, r-oldrel-macos-x86_64, r-oldrel-windows-x86_64