Last updated on 2025-11-04 05:51:12 CET.
| Flavor | Version | Tinstall | Tcheck | Ttotal | Status | Flags | 
|---|---|---|---|---|---|---|
| r-devel-linux-x86_64-debian-clang | 1.1.0 | 12.50 | 109.91 | 122.41 | NOTE | |
| r-devel-linux-x86_64-debian-gcc | 1.1.0 | 9.87 | 79.13 | 89.00 | NOTE | |
| r-devel-linux-x86_64-fedora-clang | 1.1.0 | 60.00 | 126.18 | 186.18 | OK | |
| r-devel-linux-x86_64-fedora-gcc | 1.1.0 | 32.00 | 134.58 | 166.58 | OK | |
| r-devel-windows-x86_64 | 1.1.0 | 13.00 | 103.00 | 116.00 | OK | |
| r-patched-linux-x86_64 | 1.1.0 | 13.12 | 100.87 | 113.99 | OK | |
| r-release-linux-x86_64 | 1.1.0 | 12.10 | 100.38 | 112.48 | OK | |
| r-release-macos-arm64 | 1.1.0 | 5.00 | 36.00 | 41.00 | OK | |
| r-release-macos-x86_64 | 1.1.0 | 10.00 | 75.00 | 85.00 | OK | |
| r-release-windows-x86_64 | 1.1.0 | 13.00 | 101.00 | 114.00 | OK | |
| r-oldrel-macos-arm64 | 1.1.0 | 5.00 | 42.00 | 47.00 | OK | |
| r-oldrel-macos-x86_64 | 1.1.0 | 10.00 | 71.00 | 81.00 | OK | |
| r-oldrel-windows-x86_64 | 1.1.0 | 17.00 | 131.00 | 148.00 | OK | 
Version: 1.1.0
Check: CRAN incoming feasibility
Result: NOTE
  Maintainer: ‘Stéphane Laurent <laurent_step@outlook.fr>’
  
  No Authors@R field in DESCRIPTION.
  Please add one, modifying
    Authors@R: person(given = "Stéphane",
                      family = "Laurent",
                      role = c("aut", "cre"),
                      email = "laurent_step@outlook.fr")
  as necessary.
Flavors: r-devel-linux-x86_64-debian-clang, r-devel-linux-x86_64-debian-gcc