Last updated on 2025-10-30 21:48:51 CET.
| Flavor | Version | Tinstall | Tcheck | Ttotal | Status | Flags | 
|---|---|---|---|---|---|---|
| r-devel-linux-x86_64-debian-clang | 0.0.2 | 3.33 | 22.16 | 25.49 | NOTE | |
| r-devel-linux-x86_64-debian-gcc | 0.0.2 | 2.23 | 17.80 | 20.03 | NOTE | |
| r-devel-linux-x86_64-fedora-clang | 0.0.2 | 36.43 | NOTE | |||
| r-devel-linux-x86_64-fedora-gcc | 0.0.2 | 34.46 | NOTE | |||
| r-devel-windows-x86_64 | 0.0.2 | 7.00 | 42.00 | 49.00 | NOTE | |
| r-patched-linux-x86_64 | 0.0.2 | 2.73 | 20.46 | 23.19 | NOTE | |
| r-release-linux-x86_64 | 0.0.2 | 2.95 | 20.41 | 23.36 | NOTE | |
| r-release-macos-arm64 | 0.0.2 | 3.00 | 16.00 | 19.00 | NOTE | |
| r-release-macos-x86_64 | 0.0.2 | 7.00 | 24.00 | 31.00 | NOTE | |
| r-release-windows-x86_64 | 0.0.2 | 6.00 | 44.00 | 50.00 | NOTE | |
| r-oldrel-macos-arm64 | 0.0.2 | 3.00 | 15.00 | 18.00 | OK | |
| r-oldrel-macos-x86_64 | 0.0.2 | 5.00 | 23.00 | 28.00 | OK | |
| r-oldrel-windows-x86_64 | 0.0.2 | 8.00 | 49.00 | 57.00 | OK | 
Version: 0.0.2
Check: DESCRIPTION meta-information
Result: NOTE
    Missing dependency on R >= 4.1.0 because package code uses the pipe
    |> or function shorthand \(...) syntax added in R 4.1.0.
    File(s) using such syntax:
      ‘rtgin1.R’
Flavors: r-devel-linux-x86_64-debian-clang, r-devel-linux-x86_64-debian-gcc, r-devel-linux-x86_64-fedora-clang, r-devel-linux-x86_64-fedora-gcc, r-devel-windows-x86_64, r-patched-linux-x86_64, r-release-linux-x86_64, r-release-macos-arm64, r-release-macos-x86_64, r-release-windows-x86_64