Last updated on 2025-11-04 01:51:06 CET.
| Flavor | Version | Tinstall | Tcheck | Ttotal | Status | Flags | 
|---|---|---|---|---|---|---|
| r-devel-linux-x86_64-debian-clang | 2.2.0 | 29.54 | 105.61 | 135.15 | NOTE | |
| r-devel-linux-x86_64-debian-gcc | 2.2.0 | 21.81 | 77.13 | 98.94 | NOTE | |
| r-devel-linux-x86_64-fedora-clang | 2.2.0 | 136.00 | 85.71 | 221.71 | OK | |
| r-devel-linux-x86_64-fedora-gcc | 2.2.0 | 174.00 | 44.62 | 218.62 | OK | |
| r-devel-windows-x86_64 | 2.2.0 | 30.00 | 106.00 | 136.00 | OK | |
| r-patched-linux-x86_64 | 2.2.0 | 27.65 | 99.75 | 127.40 | OK | |
| r-release-linux-x86_64 | 2.2.0 | 29.92 | 97.61 | 127.53 | OK | |
| r-release-macos-arm64 | 2.2.0 | 18.00 | 48.00 | 66.00 | OK | |
| r-release-macos-x86_64 | 2.2.0 | 33.00 | 80.00 | 113.00 | OK | |
| r-release-windows-x86_64 | 2.2.0 | 30.00 | 101.00 | 131.00 | OK | |
| r-oldrel-macos-arm64 | 2.2.0 | 17.00 | 40.00 | 57.00 | OK | |
| r-oldrel-macos-x86_64 | 2.2.0 | 23.00 | 62.00 | 85.00 | OK | |
| r-oldrel-windows-x86_64 | 2.2.0 | 39.00 | 136.00 | 175.00 | OK | 
Version: 2.2.0
Check: DESCRIPTION meta-information
Result: NOTE
  Author field differs from that derived from Authors@R
    Author:    ‘Mikko Vihtakari [aut, cre] (Institute of Marine Research, <https://orcid.org/0000-0003-0371-4319>), Roger Bivand [ctb], Hadley Wickham [ctb]’
    Authors@R: ‘Mikko Vihtakari [aut, cre] (affiliation: Institute of Marine Research, ORCID: <https://orcid.org/0000-0003-0371-4319>), Roger Bivand [ctb], Hadley Wickham [ctb]’
Flavors: r-devel-linux-x86_64-debian-clang, r-devel-linux-x86_64-debian-gcc