Last updated on 2025-10-30 21:48:50 CET.
| Flavor | Version | Tinstall | Tcheck | Ttotal | Status | Flags | 
|---|---|---|---|---|---|---|
| r-devel-linux-x86_64-debian-clang | 2.0.11 | 33.34 | 138.63 | 171.97 | NOTE | |
| r-devel-linux-x86_64-debian-gcc | 2.0.11 | 23.47 | 92.16 | 115.63 | NOTE | |
| r-devel-linux-x86_64-fedora-clang | 2.0.11 | 157.00 | 138.65 | 295.65 | NOTE | |
| r-devel-linux-x86_64-fedora-gcc | 2.0.11 | 78.00 | 186.63 | 264.63 | NOTE | |
| r-devel-windows-x86_64 | 2.0.11 | 42.00 | 151.00 | 193.00 | NOTE | |
| r-patched-linux-x86_64 | 2.0.11 | 35.59 | 131.13 | 166.72 | NOTE | |
| r-release-linux-x86_64 | 2.0.11 | 36.11 | 131.70 | 167.81 | NOTE | |
| r-release-macos-arm64 | 2.0.11 | 17.00 | 53.00 | 70.00 | NOTE | |
| r-release-macos-x86_64 | 2.0.11 | 30.00 | 128.00 | 158.00 | NOTE | |
| r-release-windows-x86_64 | 2.0.11 | 44.00 | 154.00 | 198.00 | NOTE | |
| r-oldrel-macos-arm64 | 2.0.11 | 16.00 | 49.00 | 65.00 | NOTE | |
| r-oldrel-macos-x86_64 | 2.0.11 | 22.00 | 94.00 | 116.00 | NOTE | |
| r-oldrel-windows-x86_64 | 2.0.11 | 55.00 | 198.00 | 253.00 | NOTE | 
Version: 2.0.11
Check: CRAN incoming feasibility
Result: NOTE
  Maintainer: ‘Luke Harmon <lukeh@uidaho.edu>’
  
  No Authors@R field in DESCRIPTION.
  Please add one, modifying
    Authors@R: c(person(given = "Luke",
                        family = "Harmon",
                        role = c("aut", "cre"),
                        email = "lukeh@uidaho.edu"),
                 person(given = "Matthew",
                        family = "Pennell",
                        role = "aut"),
                 person(given = "Chad",
                        family = "Brock",
                        role = "aut"),
                 person(given = "Joseph",
                        family = "Brown",
                        role = "aut"),
                 person(given = "Wendell",
                        family = "Challenger",
                        role = "aut"),
                 person(given = "Jon",
                        family = "Eastman",
                        role = "aut"),
                 person(given = "Rich",
                        family = "FitzJohn",
                        role = "aut"),
                 person(given = "Rich",
                        family = "Glor",
                        role = "aut"),
                 person(given = "Gene",
                        family = "Hunt",
                        role = "aut"),
                 person(given = "Liam",
                        family = "Revell",
                        role = "aut"),
                 person(given = "Graham",
                        family = "Slater",
                        role = "aut"),
                 person(given = "Josef",
                        family = "Uyeda",
                        role = "aut"),
                 person(given = "Jason",
                        family = "Weir",
                        role = "aut"),
                 person(given = "CRAN",
                        family = "team",
                        role = "aut",
                        comment = "corrections in 2022"))
  as necessary.
Flavors: r-devel-linux-x86_64-debian-clang, r-devel-linux-x86_64-debian-gcc
Version: 2.0.11
Check: Rd files
Result: NOTE
  checkRd: (-1) bd.ms.Rd:47: Lost braces in \itemize; \value handles \item{}{} directly
  checkRd: (-1) bd.ms.Rd:48: Lost braces in \itemize; \value handles \item{}{} directly
  checkRd: (-1) bd.ms.Rd:49-50: Lost braces in \itemize; \value handles \item{}{} directly
  checkRd: (-1) bd.ms.Rd:51-52: Lost braces in \itemize; \value handles \item{}{} directly
  checkRd: (-1) dtt.Rd:30: Lost braces in \itemize; meant \describe ?
  checkRd: (-1) dtt.Rd:31: Lost braces in \itemize; meant \describe ?
  checkRd: (-1) dtt.Rd:32-33: Lost braces in \itemize; meant \describe ?
  checkRd: (-1) dtt.Rd:43: Lost braces in \itemize; \value handles \item{}{} directly
  checkRd: (-1) dtt.Rd:44: Lost braces in \itemize; \value handles \item{}{} directly
  checkRd: (-1) dtt.Rd:45: Lost braces in \itemize; \value handles \item{}{} directly
  checkRd: (-1) dtt.Rd:46: Lost braces in \itemize; \value handles \item{}{} directly
  checkRd: (-1) fitContinuous.Rd:49-51: Lost braces in \itemize; meant \describe ?
  checkRd: (-1) fitContinuous.Rd:52-54: Lost braces in \itemize; meant \describe ?
  checkRd: (-1) fitContinuous.Rd:55-57: Lost braces in \itemize; meant \describe ?
  checkRd: (-1) fitContinuous.Rd:58: Lost braces in \itemize; meant \describe ?
  checkRd: (-1) fitContinuous.Rd:59-61: Lost braces in \itemize; meant \describe ?
  checkRd: (-1) fitContinuous.Rd:62-64: Lost braces in \itemize; meant \describe ?
  checkRd: (-1) fitContinuous.Rd:65-67: Lost braces in \itemize; meant \describe ?
  checkRd: (-1) fitContinuous.Rd:68: Lost braces in \itemize; meant \describe ?
  checkRd: (-1) fitContinuous.Rd:69-70: Lost braces in \itemize; meant \describe ?
  checkRd: (-1) fitDiscrete.Rd:40: Lost braces in \itemize; meant \describe ?
  checkRd: (-1) fitDiscrete.Rd:41: Lost braces in \itemize; meant \describe ?
  checkRd: (-1) fitDiscrete.Rd:42: Lost braces in \itemize; meant \describe ?
  checkRd: (-1) fitDiscrete.Rd:43-44: Lost braces in \itemize; meant \describe ?
  checkRd: (-1) fitDiscrete.Rd:45: Lost braces in \itemize; meant \describe ?
  checkRd: (-1) fitDiscrete.Rd:54: Lost braces in \itemize; meant \describe ?
  checkRd: (-1) fitDiscrete.Rd:55-57: Lost braces in \itemize; meant \describe ?
  checkRd: (-1) fitDiscrete.Rd:58-60: Lost braces in \itemize; meant \describe ?
  checkRd: (-1) fitDiscrete.Rd:61-63: Lost braces in \itemize; meant \describe ?
  checkRd: (-1) fitDiscrete.Rd:64-66: Lost braces in \itemize; meant \describe ?
  checkRd: (-1) fitDiscrete.Rd:67: Lost braces in \itemize; meant \describe ?
Flavors: r-devel-linux-x86_64-debian-clang, r-devel-linux-x86_64-debian-gcc, r-devel-linux-x86_64-fedora-clang, r-devel-linux-x86_64-fedora-gcc, r-devel-windows-x86_64, r-patched-linux-x86_64, r-release-linux-x86_64, r-release-macos-arm64, r-release-macos-x86_64, r-release-windows-x86_64, r-oldrel-macos-arm64, r-oldrel-macos-x86_64, r-oldrel-windows-x86_64