Last updated on 2025-11-19 13:50:09 CET.
| Flavor | Version | Tinstall | Tcheck | Ttotal | Status | Flags |
|---|---|---|---|---|---|---|
| r-devel-linux-x86_64-debian-clang | 0.3.4 | 98.76 | 251.22 | 349.98 | OK | |
| r-devel-linux-x86_64-debian-gcc | 0.3.4 | 65.17 | 174.34 | 239.51 | OK | |
| r-devel-linux-x86_64-fedora-clang | 0.3.4 | 292.00 | 322.30 | 614.30 | OK | |
| r-devel-linux-x86_64-fedora-gcc | 0.3.4 | 191.00 | 367.94 | 558.94 | OK | |
| r-devel-windows-x86_64 | 0.3.4 | 116.00 | 232.00 | 348.00 | OK | |
| r-patched-linux-x86_64 | 0.3.4 | 91.02 | 234.42 | 325.44 | OK | |
| r-release-linux-x86_64 | 0.3.4 | 95.66 | 239.32 | 334.98 | OK | |
| r-release-macos-arm64 | 0.3.4 | OK | ||||
| r-release-macos-x86_64 | 0.3.4 | 43.00 | 192.00 | 235.00 | OK | |
| r-release-windows-x86_64 | 0.3.4 | 111.00 | 229.00 | 340.00 | OK | |
| r-oldrel-macos-arm64 | 0.3.4 | NOTE | ||||
| r-oldrel-macos-x86_64 | 0.3.4 | 41.00 | 191.00 | 232.00 | NOTE | |
| r-oldrel-windows-x86_64 | 0.3.4 | 132.00 | 324.00 | 456.00 | NOTE |
Version: 0.3.4
Check: installed package size
Result: NOTE
installed size is 9.7Mb
sub-directories of 1Mb or more:
libs 5.6Mb
supplementary_material 3.1Mb
Flavors: r-oldrel-macos-arm64, r-oldrel-macos-x86_64, r-oldrel-windows-x86_64