Last updated on 2025-10-31 01:48:58 CET.
| Flavor | Version | Tinstall | Tcheck | Ttotal | Status | Flags | 
|---|---|---|---|---|---|---|
| r-devel-linux-x86_64-debian-clang | 2.0.5 | 2.90 | 33.67 | 36.57 | NOTE | |
| r-devel-linux-x86_64-debian-gcc | 2.0.5 | 2.22 | 24.51 | 26.73 | NOTE | |
| r-devel-linux-x86_64-fedora-clang | 2.0.5 | 56.68 | OK | |||
| r-devel-linux-x86_64-fedora-gcc | 2.0.5 | 53.08 | OK | |||
| r-devel-windows-x86_64 | 2.0.5 | 5.00 | 52.00 | 57.00 | OK | |
| r-patched-linux-x86_64 | 2.0.5 | 3.48 | 31.61 | 35.09 | OK | |
| r-release-linux-x86_64 | 2.0.5 | 2.54 | 31.64 | 34.18 | OK | |
| r-release-macos-arm64 | 2.0.5 | 2.00 | 18.00 | 20.00 | OK | |
| r-release-macos-x86_64 | 2.0.5 | 4.00 | 30.00 | 34.00 | OK | |
| r-release-windows-x86_64 | 2.0.5 | 4.00 | 54.00 | 58.00 | OK | |
| r-oldrel-macos-arm64 | 2.0.5 | 1.00 | 22.00 | 23.00 | OK | |
| r-oldrel-macos-x86_64 | 2.0.5 | 2.00 | 24.00 | 26.00 | OK | |
| r-oldrel-windows-x86_64 | 2.0.5 | 5.00 | 61.00 | 66.00 | OK | 
Version: 2.0.5
Check: CRAN incoming feasibility
Result: NOTE
  Maintainer: ‘Kidzinski L. <lukasz.kidzinski@stanford.edu>’
  
  No Authors@R field in DESCRIPTION.
  Please add one, modifying
    Authors@R: c(person(given = "Hormann",
                        family = "S.",
                        role = "aut"),
                 person(given = "Kidzinski",
                        family = "L.",
                        role = c("aut", "cre"),
                        email = "lukasz.kidzinski@stanford.edu"))
  as necessary.
Flavors: r-devel-linux-x86_64-debian-clang, r-devel-linux-x86_64-debian-gcc