Last updated on 2025-10-31 14:49:42 CET.
| Flavor | Version | Tinstall | Tcheck | Ttotal | Status | Flags | 
|---|---|---|---|---|---|---|
| r-devel-linux-x86_64-debian-clang | 1.0.1 | 24.12 | 134.92 | 159.04 | NOTE | |
| r-devel-linux-x86_64-debian-gcc | 1.0.1 | 17.33 | 94.93 | 112.26 | NOTE | |
| r-devel-linux-x86_64-fedora-clang | 1.0.1 | 143.00 | 127.04 | 270.04 | NOTE | |
| r-devel-linux-x86_64-fedora-gcc | 1.0.1 | 54.00 | 200.93 | 254.93 | NOTE | |
| r-devel-windows-x86_64 | 1.0.1 | 30.00 | 163.00 | 193.00 | NOTE | |
| r-patched-linux-x86_64 | 1.0.1 | 26.00 | 128.88 | 154.88 | NOTE | |
| r-release-linux-x86_64 | 1.0.1 | 24.87 | 126.65 | 151.52 | NOTE | |
| r-release-macos-arm64 | 1.0.1 | 16.00 | 84.00 | 100.00 | NOTE | |
| r-release-macos-x86_64 | 1.0.1 | 17.00 | 112.00 | 129.00 | NOTE | |
| r-release-windows-x86_64 | 1.0.1 | 31.00 | 168.00 | 199.00 | NOTE | |
| r-oldrel-macos-arm64 | 1.0.1 | 11.00 | 51.00 | 62.00 | NOTE | |
| r-oldrel-macos-x86_64 | 1.0.1 | 18.00 | 89.00 | 107.00 | NOTE | |
| r-oldrel-windows-x86_64 | 1.0.1 | 39.00 | 206.00 | 245.00 | NOTE | 
Version: 1.0.1
Check: CRAN incoming feasibility
Result: NOTE
  Maintainer: ‘Theodor Adrian Balan <hello@tbalan.com>’
  
  No Authors@R field in DESCRIPTION.
  Please add one, modifying
    Authors@R: c(person(given = c("Theodor", "Adrian"),
                        family = "Balan",
                        role = c("aut", "cre"),
                        email = "hello@tbalan.com"),
                 person(given = "Hein",
                        family = "Putter",
                        role = "aut"))
  as necessary.
Flavors: r-devel-linux-x86_64-debian-clang, r-devel-linux-x86_64-debian-gcc
Version: 1.0.1
Check: Rd files
Result: NOTE
  checkRd: (-1) emfrail_control.Rd:49: Lost braces in \itemize; meant \describe ?
  checkRd: (-1) emfrail_control.Rd:50: Lost braces in \itemize; meant \describe ?
  checkRd: (-1) emfrail_control.Rd:51: Lost braces in \itemize; meant \describe ?
  checkRd: (-1) emfrail_control.Rd:52: Lost braces in \itemize; meant \describe ?
  checkRd: (-1) emfrail_control.Rd:53-54: Lost braces in \itemize; meant \describe ?
  checkRd: (-1) emfrail_control.Rd:55-57: Lost braces in \itemize; meant \describe ?
Flavors: r-devel-linux-x86_64-debian-clang, r-devel-linux-x86_64-debian-gcc, r-devel-linux-x86_64-fedora-clang, r-devel-linux-x86_64-fedora-gcc, r-devel-windows-x86_64, r-patched-linux-x86_64, r-release-linux-x86_64, r-release-macos-arm64, r-release-macos-x86_64, r-release-windows-x86_64, r-oldrel-macos-arm64, r-oldrel-macos-x86_64, r-oldrel-windows-x86_64
Version: 1.0.1
Check: LazyData
Result: NOTE
    'LazyData' is specified without a 'data' directory
Flavors: r-oldrel-macos-arm64, r-oldrel-macos-x86_64, r-oldrel-windows-x86_64