Last updated on 2025-10-31 09:50:17 CET.
| Flavor | Version | Tinstall | Tcheck | Ttotal | Status | Flags | 
|---|---|---|---|---|---|---|
| r-devel-linux-x86_64-debian-clang | 1.3.0 | 13.64 | 43.88 | 57.52 | NOTE | |
| r-devel-linux-x86_64-debian-gcc | 1.3.0 | 9.85 | 31.89 | 41.74 | NOTE | |
| r-devel-linux-x86_64-fedora-clang | 1.3.0 | 52.00 | 45.86 | 97.86 | OK | |
| r-devel-linux-x86_64-fedora-gcc | 1.3.0 | 37.00 | 68.26 | 105.26 | OK | |
| r-devel-windows-x86_64 | 1.3.0 | 14.00 | 78.00 | 92.00 | OK | |
| r-patched-linux-x86_64 | 1.3.0 | 13.52 | 42.47 | 55.99 | OK | |
| r-release-linux-x86_64 | 1.3.0 | 14.81 | 42.11 | 56.92 | OK | |
| r-release-macos-arm64 | 1.3.0 | 8.00 | 4.00 | 12.00 | ERROR | |
| r-release-macos-x86_64 | 1.3.0 | 23.00 | 63.00 | 86.00 | OK | |
| r-release-windows-x86_64 | 1.3.0 | 17.00 | 77.00 | 94.00 | OK | |
| r-oldrel-macos-arm64 | 1.3.0 | 6.00 | 10.00 | 16.00 | ERROR | |
| r-oldrel-macos-x86_64 | 1.3.0 | 31.00 | 76.00 | 107.00 | OK | |
| r-oldrel-windows-x86_64 | 1.3.0 | 17.00 | 101.00 | 118.00 | OK | 
Version: 1.3.0
Check: CRAN incoming feasibility
Result: NOTE
  Maintainer: ‘Lijun Wang <szcfweiya@gmail.com>’
  
  No Authors@R field in DESCRIPTION.
  Please add one, modifying
    Authors@R: person(given = "Lijun",
                      family = "Wang",
                      role = c("aut", "cre", "cph"),
                      email = "szcfweiya@gmail.com")
  as necessary.
Flavors: r-devel-linux-x86_64-debian-clang, r-devel-linux-x86_64-debian-gcc
Version: 1.3.0
Check: whether package can be installed
Result: ERROR
  Installation failed.
Flavors: r-release-macos-arm64, r-oldrel-macos-arm64