Last updated on 2025-10-31 05:48:41 CET.
| Flavor | Version | Tinstall | Tcheck | Ttotal | Status | Flags | 
|---|---|---|---|---|---|---|
| r-devel-linux-x86_64-debian-clang | 2.29 | 5.50 | 52.74 | 58.24 | NOTE | |
| r-devel-linux-x86_64-debian-gcc | 2.29 | 3.84 | 38.11 | 41.95 | NOTE | |
| r-devel-linux-x86_64-fedora-clang | 2.29 | 13.00 | 78.25 | 91.25 | OK | |
| r-devel-linux-x86_64-fedora-gcc | 2.29 | 14.00 | 71.62 | 85.62 | OK | |
| r-devel-windows-x86_64 | 2.29 | 8.00 | 62.00 | 70.00 | OK | |
| r-patched-linux-x86_64 | 2.29 | 5.06 | 48.93 | 53.99 | OK | |
| r-release-linux-x86_64 | 2.29 | 5.65 | 49.09 | 54.74 | OK | |
| r-release-macos-arm64 | 2.29 | 3.00 | 23.00 | 26.00 | OK | |
| r-release-macos-x86_64 | 2.29 | 4.00 | 35.00 | 39.00 | OK | |
| r-release-windows-x86_64 | 2.29 | 8.00 | 65.00 | 73.00 | OK | |
| r-oldrel-macos-arm64 | 2.29 | 2.00 | 19.00 | 21.00 | OK | |
| r-oldrel-macos-x86_64 | 2.29 | 5.00 | 33.00 | 38.00 | OK | |
| r-oldrel-windows-x86_64 | 2.29 | 10.00 | 80.00 | 90.00 | OK | 
Version: 2.29
Check: CRAN incoming feasibility
Result: NOTE
  Maintainer: ‘Christian E. Galarza <cgalarza88@gmail.com>’
  
  No Authors@R field in DESCRIPTION.
  Please add one, modifying
    Authors@R: c(person(given = c("Christian", "E."),
                        family = "Galarza",
                        role = c("aut", "cre"),
                        email = "cgalarza88@gmail.com"),
                 person(given = c("Jonathan", "M."),
                        family = "Olate",
                        role = "aut"))
  as necessary.
Flavors: r-devel-linux-x86_64-debian-clang, r-devel-linux-x86_64-debian-gcc