Last updated on 2025-11-25 17:49:48 CET.
| Flavor | Version | Tinstall | Tcheck | Ttotal | Status | Flags |
|---|---|---|---|---|---|---|
| r-devel-linux-x86_64-debian-clang | 1.16 | 6.99 | 73.88 | 80.87 | ERROR | |
| r-devel-linux-x86_64-debian-gcc | 1.16 | 6.22 | 55.64 | 61.86 | ERROR | |
| r-devel-linux-x86_64-fedora-clang | 1.16 | 17.00 | 110.58 | 127.58 | ERROR | |
| r-devel-linux-x86_64-fedora-gcc | 1.16 | 17.00 | 119.38 | 136.38 | ERROR | |
| r-devel-windows-x86_64 | 1.16 | 10.00 | 87.00 | 97.00 | ERROR | |
| r-patched-linux-x86_64 | 1.16 | 8.18 | 70.14 | 78.32 | ERROR | |
| r-release-linux-x86_64 | 1.16 | 7.59 | 69.62 | 77.21 | ERROR | |
| r-release-macos-arm64 | 1.16 | OK | ||||
| r-release-macos-x86_64 | 1.16 | 8.00 | 82.00 | 90.00 | ERROR | |
| r-release-windows-x86_64 | 1.16 | 10.00 | 80.00 | 90.00 | ERROR | |
| r-oldrel-macos-arm64 | 1.16 | OK | ||||
| r-oldrel-macos-x86_64 | 1.16 | 18.00 | 126.00 | 144.00 | OK | |
| r-oldrel-windows-x86_64 | 1.16 | 13.00 | 100.00 | 113.00 | ERROR |
Version: 1.16
Check: re-building of vignette outputs
Result: ERROR
Error(s) in re-building vignettes:
...
--- re-building ‘eHOF.Rnw’ using knitr
Quitting from eHOF.Rnw:57-67 [4site.echo]
~~~~~~~~~~~~~~~~~~~~~~~~~~~~~~~~~~~~~~~~~~~~~~~~~~~~~~~~~~~~~~~~~~~~~~~~~~~~~~~~
<error/rlang_error>
Error in `load.taxlist()`:
! Reference list file /home/hornik/tmp/scratch/RtmpsduNwu/Species/GermanSL 1.5/species.dbf does not exist.
---
Backtrace:
x
1. \-vegdata::tax("all")
2. \-vegdata:::load.taxlist(refl, detailed = detailed)
~~~~~~~~~~~~~~~~~~~~~~~~~~~~~~~~~~~~~~~~~~~~~~~~~~~~~~~~~~~~~~~~~~~~~~~~~~~~~~~~
Error: processing vignette 'eHOF.Rnw' failed with diagnostics:
Reference list file /home/hornik/tmp/scratch/RtmpsduNwu/Species/GermanSL 1.5/species.dbf does not exist.
--- failed re-building ‘eHOF.Rnw’
SUMMARY: processing the following file failed:
‘eHOF.Rnw’
Error: Vignette re-building failed.
Execution halted
Flavor: r-devel-linux-x86_64-debian-clang
Version: 1.16
Check: re-building of vignette outputs
Result: ERROR
Error(s) in re-building vignettes:
...
--- re-building ‘eHOF.Rnw’ using knitr
Quitting from eHOF.Rnw:57-67 [4site.echo]
~~~~~~~~~~~~~~~~~~~~~~~~~~~~~~~~~~~~~~~~~~~~~~~~~~~~~~~~~~~~~~~~~~~~~~~~~~~~~~~~
<error/rlang_error>
Error in `load.taxlist()`:
! Reference list file /tmp/RtmpngzG0R/Species/GermanSL 1.5/species.dbf does not exist.
---
Backtrace:
x
1. \-vegdata::tax("all")
2. \-vegdata:::load.taxlist(refl, detailed = detailed)
~~~~~~~~~~~~~~~~~~~~~~~~~~~~~~~~~~~~~~~~~~~~~~~~~~~~~~~~~~~~~~~~~~~~~~~~~~~~~~~~
Error: processing vignette 'eHOF.Rnw' failed with diagnostics:
Reference list file /tmp/RtmpngzG0R/Species/GermanSL 1.5/species.dbf does not exist.
--- failed re-building ‘eHOF.Rnw’
SUMMARY: processing the following file failed:
‘eHOF.Rnw’
Error: Vignette re-building failed.
Execution halted
Flavor: r-devel-linux-x86_64-debian-gcc
Version: 1.16
Check: re-building of vignette outputs
Result: ERROR
Error(s) in re-building vignettes:
--- re-building ‘eHOF.Rnw’ using knitr
Quitting from eHOF.Rnw:57-67 [4site.echo]
~~~~~~~~~~~~~~~~~~~~~~~~~~~~~~~~~~~~~~~~~~~~~~~~~~~~~~~~~~~~~~~~~~~~~~~~~~~~~~~~
<error/rlang_error>
Error in `load.taxlist()`:
! Reference list file /tmp/RtmpSWv93z/working_dir/Rtmp9jDCVD/Species/GermanSL 1.5/species.dbf does not exist.
---
Backtrace:
x
1. \-vegdata::tax("all")
2. \-vegdata:::load.taxlist(refl, detailed = detailed)
~~~~~~~~~~~~~~~~~~~~~~~~~~~~~~~~~~~~~~~~~~~~~~~~~~~~~~~~~~~~~~~~~~~~~~~~~~~~~~~~
Error: processing vignette 'eHOF.Rnw' failed with diagnostics:
Reference list file /tmp/RtmpSWv93z/working_dir/Rtmp9jDCVD/Species/GermanSL 1.5/species.dbf does not exist.
--- failed re-building ‘eHOF.Rnw’
SUMMARY: processing the following file failed:
‘eHOF.Rnw’
Error: Vignette re-building failed.
Execution halted
Flavor: r-devel-linux-x86_64-fedora-clang
Version: 1.16
Check: re-building of vignette outputs
Result: ERROR
Error(s) in re-building vignettes:
--- re-building ‘eHOF.Rnw’ using knitr
Quitting from eHOF.Rnw:57-67 [4site.echo]
~~~~~~~~~~~~~~~~~~~~~~~~~~~~~~~~~~~~~~~~~~~~~~~~~~~~~~~~~~~~~~~~~~~~~~~~~~~~~~~~
<error/rlang_error>
Error in `load.taxlist()`:
! Reference list file /tmp/RtmpEfiy1s/working_dir/Rtmpz8EImm/Species/GermanSL 1.5/species.dbf does not exist.
---
Backtrace:
x
1. \-vegdata::tax("all")
2. \-vegdata:::load.taxlist(refl, detailed = detailed)
~~~~~~~~~~~~~~~~~~~~~~~~~~~~~~~~~~~~~~~~~~~~~~~~~~~~~~~~~~~~~~~~~~~~~~~~~~~~~~~~
Error: processing vignette 'eHOF.Rnw' failed with diagnostics:
Reference list file /tmp/RtmpEfiy1s/working_dir/Rtmpz8EImm/Species/GermanSL 1.5/species.dbf does not exist.
--- failed re-building ‘eHOF.Rnw’
SUMMARY: processing the following file failed:
‘eHOF.Rnw’
Error: Vignette re-building failed.
Execution halted
Flavor: r-devel-linux-x86_64-fedora-gcc
Version: 1.16
Check: re-building of vignette outputs
Result: ERROR
Error(s) in re-building vignettes:
--- re-building 'eHOF.Rnw' using knitr
Quitting from eHOF.Rnw:57-67 [4site.echo]
~~~~~~~~~~~~~~~~~~~~~~~~~~~~~~~~~~~~~~~~~~~~~~~~~~~~~~~~~~~~~~~~~~~~~~~~~~~~~~~~
<error/rlang_error>
Error in `load.taxlist()`:
! Reference list file D:\temp\2025_11_13_01_50_00_26121\RtmpKONStd/species/GermanSL 1.5/species.dbf does not exist.
---
Backtrace:
x
1. \-vegdata::tax("all")
2. \-vegdata:::load.taxlist(refl, detailed = detailed)
~~~~~~~~~~~~~~~~~~~~~~~~~~~~~~~~~~~~~~~~~~~~~~~~~~~~~~~~~~~~~~~~~~~~~~~~~~~~~~~~
Error: processing vignette 'eHOF.Rnw' failed with diagnostics:
Reference list file D:\temp\2025_11_13_01_50_00_26121\RtmpKONStd/species/GermanSL 1.5/species.dbf does not exist.
--- failed re-building 'eHOF.Rnw'
SUMMARY: processing the following file failed:
'eHOF.Rnw'
Error: Vignette re-building failed.
Execution halted
Flavor: r-devel-windows-x86_64
Version: 1.16
Check: re-building of vignette outputs
Result: ERROR
Error(s) in re-building vignettes:
...
--- re-building ‘eHOF.Rnw’ using knitr
Quitting from eHOF.Rnw:57-67 [4site.echo]
~~~~~~~~~~~~~~~~~~~~~~~~~~~~~~~~~~~~~~~~~~~~~~~~~~~~~~~~~~~~~~~~~~~~~~~~~~~~~~~~
<error/rlang_error>
Error in `load.taxlist()`:
! Reference list file /home/hornik/tmp/scratch/Rtmp08Row1/Species/GermanSL 1.5/species.dbf does not exist.
---
Backtrace:
x
1. \-vegdata::tax("all")
2. \-vegdata:::load.taxlist(refl, detailed = detailed)
~~~~~~~~~~~~~~~~~~~~~~~~~~~~~~~~~~~~~~~~~~~~~~~~~~~~~~~~~~~~~~~~~~~~~~~~~~~~~~~~
Error: processing vignette 'eHOF.Rnw' failed with diagnostics:
Reference list file /home/hornik/tmp/scratch/Rtmp08Row1/Species/GermanSL 1.5/species.dbf does not exist.
--- failed re-building ‘eHOF.Rnw’
SUMMARY: processing the following file failed:
‘eHOF.Rnw’
Error: Vignette re-building failed.
Execution halted
Flavor: r-patched-linux-x86_64
Version: 1.16
Check: re-building of vignette outputs
Result: ERROR
Error(s) in re-building vignettes:
...
--- re-building ‘eHOF.Rnw’ using knitr
Quitting from eHOF.Rnw:57-67 [4site.echo]
~~~~~~~~~~~~~~~~~~~~~~~~~~~~~~~~~~~~~~~~~~~~~~~~~~~~~~~~~~~~~~~~~~~~~~~~~~~~~~~~
<error/rlang_error>
Error in `load.taxlist()`:
! Reference list file /home/hornik/tmp/scratch/RtmpSiZ0eA/Species/GermanSL 1.5/species.dbf does not exist.
---
Backtrace:
x
1. \-vegdata::tax("all")
2. \-vegdata:::load.taxlist(refl, detailed = detailed)
~~~~~~~~~~~~~~~~~~~~~~~~~~~~~~~~~~~~~~~~~~~~~~~~~~~~~~~~~~~~~~~~~~~~~~~~~~~~~~~~
Error: processing vignette 'eHOF.Rnw' failed with diagnostics:
Reference list file /home/hornik/tmp/scratch/RtmpSiZ0eA/Species/GermanSL 1.5/species.dbf does not exist.
--- failed re-building ‘eHOF.Rnw’
SUMMARY: processing the following file failed:
‘eHOF.Rnw’
Error: Vignette re-building failed.
Execution halted
Flavor: r-release-linux-x86_64
Version: 1.16
Check: re-building of vignette outputs
Result: ERROR
Error(s) in re-building vignettes:
--- re-building ‘eHOF.Rnw’ using knitr
Quitting from eHOF.Rnw:57-67 [4site.echo]
~~~~~~~~~~~~~~~~~~~~~~~~~~~~~~~~~~~~~~~~~~~~~~~~~~~~~~~~~~~~~~~~~~~~~~~~~~~~~~~~
<error/rlang_error>
Error in `curl::curl_fetch_memory()`:
! Timeout was reached [germansl.infinitenature.org]: Connection timed out after 10000 milliseconds
---
Backtrace:
x
1. +-vegdata::tax("all")
2. | \-vegdata:::load.taxlist(refl, detailed = detailed)
3. | +-httr::http_error(remote)
4. | \-httr:::http_error.character(remote)
5. | +-httr::http_error(HEAD(x, ...))
6. | \-httr::HEAD(x, ...)
7. | \-httr:::request_perform(req, hu$handle$handle)
8. | +-httr:::request_fetch(req$output, req$url, handle)
9. | \-httr:::request_fetch.write_memory(req$output, req$url, handle)
10. | \-curl::curl_fetch_memory(url, handle = handle)
11. \-curl:::raise_libcurl_error(...)
~~~~~~~~~~~~~~~~~~~~~~~~~~~~~~~~~~~~~~~~~~~~~~~~~~~~~~~~~~~~~~~~~~~~~~~~~~~~~~~~
Error: processing vignette 'eHOF.Rnw' failed with diagnostics:
Timeout was reached [germansl.infinitenature.org]: Connection timed out after 10000 milliseconds
--- failed re-building ‘eHOF.Rnw’
SUMMARY: processing the following file failed:
‘eHOF.Rnw’
Error: Vignette re-building failed.
Execution halted
Flavor: r-release-macos-x86_64
Version: 1.16
Check: re-building of vignette outputs
Result: ERROR
Error(s) in re-building vignettes:
--- re-building 'eHOF.Rnw' using knitr
Quitting from eHOF.Rnw:57-67 [4site.echo]
~~~~~~~~~~~~~~~~~~~~~~~~~~~~~~~~~~~~~~~~~~~~~~~~~~~~~~~~~~~~~~~~~~~~~~~~~~~~~~~~
<error/rlang_error>
Error in `load.taxlist()`:
! Reference list file D:\temp\2025_11_15_13_34_13_7498\Rtmp8shG8x/species/GermanSL 1.5/species.dbf does not exist.
---
Backtrace:
x
1. \-vegdata::tax("all")
2. \-vegdata:::load.taxlist(refl, detailed = detailed)
~~~~~~~~~~~~~~~~~~~~~~~~~~~~~~~~~~~~~~~~~~~~~~~~~~~~~~~~~~~~~~~~~~~~~~~~~~~~~~~~
Error: processing vignette 'eHOF.Rnw' failed with diagnostics:
Reference list file D:\temp\2025_11_15_13_34_13_7498\Rtmp8shG8x/species/GermanSL 1.5/species.dbf does not exist.
--- failed re-building 'eHOF.Rnw'
SUMMARY: processing the following file failed:
'eHOF.Rnw'
Error: Vignette re-building failed.
Execution halted
Flavor: r-release-windows-x86_64
Version: 1.16
Check: re-building of vignette outputs
Result: ERROR
Error(s) in re-building vignettes:
--- re-building 'eHOF.Rnw' using knitr
Quitting from eHOF.Rnw:57-67 [4site.echo]
~~~~~~~~~~~~~~~~~~~~~~~~~~~~~~~~~~~~~~~~~~~~~~~~~~~~~~~~~~~~~~~~~~~~~~~~~~~~~~~~
<error/rlang_error>
Error in `load.taxlist()`:
! Reference list file D:\temp\2025_11_24_01_50_00_16768\RtmpYF6g8k/species/GermanSL 1.5/species.dbf does not exist.
---
Backtrace:
x
1. \-vegdata::tax("all")
2. \-vegdata:::load.taxlist(refl, detailed = detailed)
~~~~~~~~~~~~~~~~~~~~~~~~~~~~~~~~~~~~~~~~~~~~~~~~~~~~~~~~~~~~~~~~~~~~~~~~~~~~~~~~
Error: processing vignette 'eHOF.Rnw' failed with diagnostics:
Reference list file D:\temp\2025_11_24_01_50_00_16768\RtmpYF6g8k/species/GermanSL 1.5/species.dbf does not exist.
--- failed re-building 'eHOF.Rnw'
SUMMARY: processing the following file failed:
'eHOF.Rnw'
Error: Vignette re-building failed.
Execution halted
Flavor: r-oldrel-windows-x86_64