CRAN Package Check Results for Package dumbbell

Last updated on 2025-11-19 01:48:46 CET.

Flavor Version Tinstall Tcheck Ttotal Status Flags
r-devel-linux-x86_64-debian-clang 0.1 7.03 81.99 89.02 NOTE
r-devel-linux-x86_64-debian-gcc 0.1 4.84 57.01 61.85 NOTE
r-devel-linux-x86_64-fedora-clang 0.1 18.00 114.55 132.55 OK
r-devel-linux-x86_64-fedora-gcc 0.1 17.00 122.43 139.43 OK
r-devel-windows-x86_64 0.1 10.00 93.00 103.00 OK
r-patched-linux-x86_64 0.1 7.00 75.02 82.02 OK
r-release-linux-x86_64 0.1 6.98 75.86 82.84 OK
r-release-macos-arm64 0.1 3.00 37.00 40.00 OK
r-release-macos-x86_64 0.1 5.00 61.00 66.00 OK
r-release-windows-x86_64 0.1 9.00 84.00 93.00 OK
r-oldrel-macos-arm64 0.1 3.00 34.00 37.00 NOTE
r-oldrel-macos-x86_64 0.1 4.00 50.00 54.00 NOTE
r-oldrel-windows-x86_64 0.1 13.00 101.00 114.00 NOTE

Check Details

Version: 0.1
Check: CRAN incoming feasibility
Result: NOTE Maintainer: ‘Foo Cheung <foocheung@yahoo.com>’ No Authors@R field in DESCRIPTION. Please add one, modifying Authors@R: person(given = "Foo", family = "Cheung", role = c("aut", "cre"), email = "foocheung@yahoo.com") as necessary. Flavors: r-devel-linux-x86_64-debian-clang, r-devel-linux-x86_64-debian-gcc

Version: 0.1
Check: LazyData
Result: NOTE 'LazyData' is specified without a 'data' directory Flavors: r-oldrel-macos-arm64, r-oldrel-macos-x86_64, r-oldrel-windows-x86_64