Last updated on 2025-10-31 17:50:14 CET.
| Flavor | Version | Tinstall | Tcheck | Ttotal | Status | Flags | 
|---|---|---|---|---|---|---|
| r-devel-linux-x86_64-debian-clang | 0.6.0 | 6.98 | 102.82 | 109.80 | NOTE | |
| r-devel-linux-x86_64-debian-gcc | 0.6.0 | 6.22 | 74.72 | 80.94 | NOTE | |
| r-devel-linux-x86_64-fedora-clang | 0.6.0 | 15.00 | 149.57 | 164.57 | OK | |
| r-devel-linux-x86_64-fedora-gcc | 0.6.0 | 21.00 | 153.54 | 174.54 | OK | |
| r-devel-windows-x86_64 | 0.6.0 | 10.00 | 108.00 | 118.00 | OK | |
| r-patched-linux-x86_64 | 0.6.0 | 8.06 | 95.71 | 103.77 | OK | |
| r-release-linux-x86_64 | 0.6.0 | 8.51 | 96.84 | 105.35 | OK | |
| r-release-macos-arm64 | 0.6.0 | 4.00 | 52.00 | 56.00 | OK | |
| r-release-macos-x86_64 | 0.6.0 | 9.00 | 98.00 | 107.00 | OK | |
| r-release-windows-x86_64 | 0.6.0 | 9.00 | 111.00 | 120.00 | OK | |
| r-oldrel-macos-arm64 | 0.6.0 | 4.00 | 45.00 | 49.00 | OK | |
| r-oldrel-macos-x86_64 | 0.6.0 | 6.00 | 70.00 | 76.00 | OK | |
| r-oldrel-windows-x86_64 | 0.6.0 | 13.00 | 147.00 | 160.00 | OK | 
Version: 0.6.0
Check: CRAN incoming feasibility
Result: NOTE
  Maintainer: ‘Mike Yeomans <mk.yeomans@gmail.com>’
  
  No Authors@R field in DESCRIPTION.
  Please add one, modifying
    Authors@R: person(given = "Mike",
                      family = "Yeomans",
                      role = c("aut", "cre"),
                      email = "mk.yeomans@gmail.com")
  as necessary.
Flavors: r-devel-linux-x86_64-debian-clang, r-devel-linux-x86_64-debian-gcc