CRAN Package Check Results for Package dataverifyr

Last updated on 2025-11-15 17:48:45 CET.

Flavor Version Tinstall Tcheck Ttotal Status Flags
r-devel-linux-x86_64-debian-clang 0.1.8 1.78 32.61 34.39 OK
r-devel-linux-x86_64-debian-gcc 0.1.8 1.59 25.82 27.41 OK
r-devel-linux-x86_64-fedora-clang 0.1.8 52.08 OK
r-devel-linux-x86_64-fedora-gcc 0.1.8 47.07 OK
r-devel-windows-x86_64 0.1.8 8.00 54.00 62.00 OK
r-patched-linux-x86_64 0.1.8 2.24 30.40 32.64 OK
r-release-linux-x86_64 0.1.8 1.81 29.87 31.68 OK
r-release-macos-arm64 0.1.8 1.00 19.00 20.00 OK
r-release-macos-x86_64 0.1.8 2.00 33.00 35.00 OK
r-release-windows-x86_64 0.1.8 5.00 55.00 60.00 OK
r-oldrel-macos-arm64 0.1.8 1.00 25.00 26.00 OK
r-oldrel-macos-x86_64 0.1.8 2.00 46.00 48.00 NOTE
r-oldrel-windows-x86_64 0.1.8 3.00 63.00 66.00 OK

Check Details

Version: 0.1.8
Check: package dependencies
Result: NOTE Package suggested but not available for checking: ‘arrow’ Flavor: r-oldrel-macos-x86_64

Version: 0.1.8
Check: Rd cross-references
Result: NOTE Package unavailable to check Rd xrefs: ‘arrow’ Flavor: r-oldrel-macos-x86_64