CRAN Package Check Results for Package datapasta

Last updated on 2025-07-22 21:50:58 CEST.

Flavor Version Tinstall Tcheck Ttotal Status Flags
r-devel-linux-x86_64-debian-clang 3.1.0 2.70 32.95 35.65 OK
r-devel-linux-x86_64-debian-gcc 3.1.0 2.01 26.63 28.64 OK
r-devel-linux-x86_64-fedora-clang 3.1.0 56.48 OK
r-devel-linux-x86_64-fedora-gcc 3.1.0 67.32 OK
r-devel-windows-x86_64 3.1.0 4.00 54.00 58.00 OK
r-patched-linux-x86_64 3.1.0 2.72 31.38 34.10 OK
r-release-linux-x86_64 3.1.0 2.15 30.90 33.05 OK
r-release-macos-arm64 3.1.0 27.00 OK
r-release-macos-x86_64 3.1.0 52.00 OK
r-release-windows-x86_64 3.1.0 4.00 61.00 65.00 OK
r-oldrel-macos-arm64 3.1.0 26.00 NOTE
r-oldrel-macos-x86_64 3.1.0 40.00 NOTE
r-oldrel-windows-x86_64 3.1.0 5.00 64.00 69.00 NOTE

Check Details

Version: 3.1.0
Check: LazyData
Result: NOTE 'LazyData' is specified without a 'data' directory Flavors: r-oldrel-macos-arm64, r-oldrel-macos-x86_64, r-oldrel-windows-x86_64