Last updated on 2025-10-30 21:48:47 CET.
| Flavor | Version | Tinstall | Tcheck | Ttotal | Status | Flags | 
|---|---|---|---|---|---|---|
| r-devel-linux-x86_64-debian-clang | 1.0.3 | 16.46 | 533.35 | 549.81 | NOTE | |
| r-devel-linux-x86_64-debian-gcc | 1.0.3 | 11.65 | 339.40 | 351.05 | NOTE | |
| r-devel-linux-x86_64-fedora-clang | 1.0.3 | 43.00 | 770.09 | 813.09 | OK | |
| r-devel-linux-x86_64-fedora-gcc | 1.0.3 | 34.00 | 738.90 | 772.90 | OK | |
| r-devel-windows-x86_64 | 1.0.3 | 20.00 | 402.00 | 422.00 | OK | |
| r-patched-linux-x86_64 | 1.0.3 | 17.52 | 498.71 | 516.23 | OK | |
| r-release-linux-x86_64 | 1.0.3 | 17.07 | 495.05 | 512.12 | OK | |
| r-release-macos-arm64 | 1.0.3 | 7.00 | 168.00 | 175.00 | OK | |
| r-release-macos-x86_64 | 1.0.3 | 13.00 | 353.00 | 366.00 | OK | |
| r-release-windows-x86_64 | 1.0.3 | 19.00 | 409.00 | 428.00 | OK | |
| r-oldrel-macos-arm64 | 1.0.3 | 6.00 | 142.00 | 148.00 | NOTE | |
| r-oldrel-macos-x86_64 | 1.0.3 | 10.00 | 234.00 | 244.00 | NOTE | |
| r-oldrel-windows-x86_64 | 1.0.3 | 27.00 | 588.00 | 615.00 | NOTE | 
Version: 1.0.3
Check: CRAN incoming feasibility
Result: NOTE
  Maintainer: ‘Aixiang Jiang <aijiang@bccrc.ca>’
  
  No Authors@R field in DESCRIPTION.
  Please add one, modifying
    Authors@R: person(given = "Aixiang",
                      family = "Jiang",
                      role = c("aut", "cre", "cph"),
                      email = "aijiang@bccrc.ca",
                      comment = c(ORCID = "0000-0002-6153-7595"))
  as necessary.
  
  The Description field contains
    <arXiv:1603.02754>, - Aoki et al. (2023) <doi:10.1200/JCO.23.01115>.
  Please refer to arXiv e-prints via their arXiv DOI <doi:10.48550/arXiv.YYMM.NNNNN>.
Flavors: r-devel-linux-x86_64-debian-clang, r-devel-linux-x86_64-debian-gcc
Version: 1.0.3
Check: installed package size
Result: NOTE
    installed size is  8.1Mb
    sub-directories of 1Mb or more:
      doc   7.9Mb
Flavors: r-oldrel-macos-arm64, r-oldrel-macos-x86_64, r-oldrel-windows-x86_64