Last updated on 2025-11-11 14:48:40 CET.
| Flavor | Version | Tinstall | Tcheck | Ttotal | Status | Flags |
|---|---|---|---|---|---|---|
| r-devel-linux-x86_64-debian-clang | 1.4.0 | 15.46 | 115.34 | 130.80 | OK | |
| r-devel-linux-x86_64-debian-gcc | 1.4.0 | 11.55 | 80.08 | 91.63 | OK | |
| r-devel-linux-x86_64-fedora-clang | 1.4.0 | 38.00 | 164.43 | 202.43 | NOTE | |
| r-devel-linux-x86_64-fedora-gcc | 1.4.0 | 33.00 | 157.78 | 190.78 | NOTE | |
| r-devel-windows-x86_64 | 1.4.0 | 17.00 | 109.00 | 126.00 | OK | |
| r-patched-linux-x86_64 | 1.4.0 | 13.59 | 108.60 | 122.19 | OK | |
| r-release-linux-x86_64 | 1.4.0 | 14.87 | 108.87 | 123.74 | OK | |
| r-release-macos-arm64 | 1.4.0 | 6.00 | 44.00 | 50.00 | OK | |
| r-release-macos-x86_64 | 1.4.0 | 14.00 | 86.00 | 100.00 | OK | |
| r-release-windows-x86_64 | 1.4.0 | 16.00 | 108.00 | 124.00 | OK | |
| r-oldrel-macos-arm64 | 1.4.0 | 6.00 | 40.00 | 46.00 | OK | |
| r-oldrel-macos-x86_64 | 1.4.0 | 10.00 | 68.00 | 78.00 | OK | |
| r-oldrel-windows-x86_64 | 1.4.0 | 25.00 | 139.00 | 164.00 | OK |
Version: 1.4.0
Check: dependencies in R code
Result: NOTE
Namespace in Imports field not imported from: ‘Rcpp’
All declared Imports should be used.
Flavors: r-devel-linux-x86_64-fedora-clang, r-devel-linux-x86_64-fedora-gcc