CRAN Package Check Results for Package chisq.posthoc.test

Last updated on 2025-11-15 21:49:31 CET.

Flavor Version Tinstall Tcheck Ttotal Status Flags
r-devel-linux-x86_64-debian-clang 0.1.2 1.58 22.73 24.31 OK
r-devel-linux-x86_64-debian-gcc 0.1.2 1.42 19.38 20.80 OK
r-devel-linux-x86_64-fedora-clang 0.1.2 35.79 OK
r-devel-linux-x86_64-fedora-gcc 0.1.2 49.59 OK
r-devel-windows-x86_64 0.1.2 3.00 40.00 43.00 OK
r-patched-linux-x86_64 0.1.2 1.57 20.44 22.01 OK
r-release-linux-x86_64 0.1.2 1.52 20.56 22.08 OK
r-release-macos-arm64 0.1.2 1.00 21.00 22.00 OK
r-release-macos-x86_64 0.1.2 1.00 42.00 43.00 OK
r-release-windows-x86_64 0.1.2 5.00 40.00 45.00 OK
r-oldrel-macos-arm64 0.1.2 1.00 26.00 27.00 NOTE
r-oldrel-macos-x86_64 0.1.2 1.00 32.00 33.00 NOTE
r-oldrel-windows-x86_64 0.1.2 4.00 46.00 50.00 NOTE

Check Details

Version: 0.1.2
Check: LazyData
Result: NOTE 'LazyData' is specified without a 'data' directory Flavors: r-oldrel-macos-arm64, r-oldrel-macos-x86_64, r-oldrel-windows-x86_64