Last updated on 2024-07-08 01:48:57 CEST.
Flavor | Version | Tinstall | Tcheck | Ttotal | Status | Flags |
---|---|---|---|---|---|---|
r-devel-linux-x86_64-debian-clang | 4.1 | 2.78 | 32.78 | 35.56 | OK | |
r-devel-linux-x86_64-debian-gcc | 4.1 | 2.84 | 25.00 | 27.84 | OK | |
r-devel-linux-x86_64-fedora-clang | 4.1 | 44.63 | NOTE | |||
r-devel-linux-x86_64-fedora-gcc | 4.1 | 42.72 | OK | |||
r-devel-windows-x86_64 | 4.1 | 4.00 | 51.00 | 55.00 | OK | |
r-patched-linux-x86_64 | 4.1 | 4.87 | 31.88 | 36.75 | OK | |
r-release-linux-x86_64 | 4.1 | 3.21 | 31.04 | 34.25 | OK | |
r-release-macos-arm64 | 4.1 | 17.00 | OK | |||
r-release-macos-x86_64 | 4.1 | 32.00 | OK | |||
r-release-windows-x86_64 | 4.1 | 4.00 | 50.00 | 54.00 | OK | |
r-oldrel-macos-arm64 | 4.1 | 21.00 | OK | |||
r-oldrel-macos-x86_64 | 4.1 | 42.00 | OK | |||
r-oldrel-windows-x86_64 | 4.1 | 4.00 | 53.00 | 57.00 | OK |
Version: 4.1
Check: Rd cross-references
Result: NOTE
Undeclared packages ‘bigBits’, ‘dplyr’, ‘matrixStats’, ‘filesstrings’, ‘pracma’, ‘sf’ in Rd xrefs
Flavor: r-devel-linux-x86_64-fedora-clang