Last updated on 2025-11-19 01:48:42 CET.
| Flavor | Version | Tinstall | Tcheck | Ttotal | Status | Flags |
|---|---|---|---|---|---|---|
| r-devel-linux-x86_64-debian-clang | 1.0 | 1204.77 | 223.19 | 1427.96 | OK | |
| r-devel-linux-x86_64-debian-gcc | 1.0 | 1081.73 | 248.47 | 1330.20 | OK | |
| r-devel-linux-x86_64-fedora-clang | 1.0 | 2460.00 | -224.67 | 2235.33 | NOTE | |
| r-devel-linux-x86_64-fedora-gcc | 1.0 | 3360.00 | -220.69 | 3139.31 | NOTE | |
| r-devel-windows-x86_64 | 1.0 | 1390.00 | 383.00 | 1773.00 | OK | |
| r-patched-linux-x86_64 | 1.0 | 1461.37 | 347.20 | 1808.57 | OK | |
| r-release-linux-x86_64 | 1.0 | 1437.51 | 344.79 | 1782.30 | OK | |
| r-release-macos-arm64 | 1.0 | 568.00 | 120.00 | 688.00 | OK | |
| r-release-macos-x86_64 | 1.0 | 428.00 | 248.00 | 676.00 | OK | |
| r-release-windows-x86_64 | 1.0 | 1358.00 | 375.00 | 1733.00 | OK | |
| r-oldrel-macos-arm64 | 1.0 | 257.00 | 81.00 | 338.00 | NOTE | |
| r-oldrel-macos-x86_64 | 1.0 | 171.00 | 100.00 | 271.00 | NOTE | |
| r-oldrel-windows-x86_64 | 1.0 | 1581.00 | 443.00 | 2024.00 | NOTE |
Version: 1.0
Check: dependencies in R code
Result: NOTE
Namespaces in Imports field not imported from:
‘R6’ ‘RcppParallel’ ‘purrr’ ‘rstantools’ ‘scales’ ‘vizdraws’
All declared Imports should be used.
Flavors: r-devel-linux-x86_64-fedora-clang, r-devel-linux-x86_64-fedora-gcc
Version: 1.0
Check: installed package size
Result: NOTE
installed size is 173.7Mb
sub-directories of 1Mb or more:
libs 172.8Mb
Flavors: r-oldrel-macos-arm64, r-oldrel-macos-x86_64, r-oldrel-windows-x86_64
Version: 1.0
Check: for GNU extensions in Makefiles
Result: NOTE
GNU make is a SystemRequirements.
Flavors: r-oldrel-macos-arm64, r-oldrel-macos-x86_64, r-oldrel-windows-x86_64