Last updated on 2025-11-24 05:50:18 CET.
| Flavor | Version | Tinstall | Tcheck | Ttotal | Status | Flags |
|---|---|---|---|---|---|---|
| r-devel-linux-x86_64-debian-clang | 1.3-0 | 1.79 | 33.45 | 35.24 | NOTE | |
| r-devel-linux-x86_64-debian-gcc | 1.3-0 | 1.47 | 25.21 | 26.68 | NOTE | |
| r-devel-linux-x86_64-fedora-clang | 1.3-0 | 53.65 | OK | |||
| r-devel-windows-x86_64 | 1.3-0 | 3.00 | 48.00 | 51.00 | OK | |
| r-patched-linux-x86_64 | 1.3-0 | 1.80 | 31.52 | 33.32 | NOTE | |
| r-release-linux-x86_64 | 1.3-0 | 1.50 | 32.07 | 33.57 | NOTE | |
| r-release-macos-arm64 | 1.3-0 | OK | ||||
| r-release-macos-x86_64 | 1.3-0 | 2.00 | 48.00 | 50.00 | OK | |
| r-release-windows-x86_64 | 1.3-0 | 4.00 | 58.00 | 62.00 | OK | |
| r-oldrel-macos-arm64 | 1.3-0 | OK | ||||
| r-oldrel-macos-x86_64 | 1.3-0 | 2.00 | 31.00 | 33.00 | OK | |
| r-oldrel-windows-x86_64 | 1.3-0 | 4.00 | 56.00 | 60.00 | OK |
Version: 1.3-0
Check: CRAN incoming feasibility
Result: NOTE
Maintainer: ‘Dimitris Rizopoulos <d.rizopoulos@erasmusmc.nl>’
No Authors@R field in DESCRIPTION.
Please add one, modifying
Authors@R: person(given = "Dimitris",
family = "Rizopoulos",
role = c("aut", "cre"),
email = "d.rizopoulos@erasmusmc.nl")
as necessary.
Flavors: r-devel-linux-x86_64-debian-clang, r-devel-linux-x86_64-debian-gcc
Version: 1.3-0
Check: for unstated dependencies in ‘demo’
Result: NOTE
'library' or 'require' call not declared from: ‘survival’
Flavors: r-devel-linux-x86_64-debian-clang, r-devel-linux-x86_64-debian-gcc, r-patched-linux-x86_64, r-release-linux-x86_64