CRAN Package Check Results for Package bootCT

Last updated on 2025-11-19 13:50:01 CET.

Flavor Version Tinstall Tcheck Ttotal Status Flags
r-devel-linux-x86_64-debian-clang 2.1.0 27.02 601.76 628.78 NOTE
r-devel-linux-x86_64-debian-gcc 2.1.0 16.56 369.80 386.36 NOTE
r-devel-linux-x86_64-fedora-clang 2.1.0 68.00 1022.16 1090.16 OK
r-devel-linux-x86_64-fedora-gcc 2.1.0 54.00 995.90 1049.90 OK
r-devel-windows-x86_64 2.1.0 35.00 547.00 582.00 OK
r-patched-linux-x86_64 2.1.0 27.10 566.78 593.88 OK
r-release-linux-x86_64 2.1.0 26.28 568.36 594.64 OK
r-release-macos-arm64 2.1.0 OK
r-release-macos-x86_64 2.1.0 21.00 503.00 524.00 OK
r-release-windows-x86_64 2.1.0 33.00 558.00 591.00 OK
r-oldrel-macos-arm64 2.1.0 OK
r-oldrel-macos-x86_64 2.1.0 16.00 333.00 349.00 OK
r-oldrel-windows-x86_64 2.1.0 41.00 687.00 728.00 OK

Check Details

Version: 2.1.0
Check: CRAN incoming feasibility
Result: NOTE Maintainer: ‘Gianmarco Vacca <gianmarco.vacca@unicatt.it>’ No Authors@R field in DESCRIPTION. Please add one, modifying Authors@R: c(person(given = "Gianmarco", family = "Vacca", role = c("aut", "cre"), email = "gianmarco.vacca@unicatt.it"), person(given = "Stefano", family = "Bertelli", role = "aut")) as necessary. Flavors: r-devel-linux-x86_64-debian-clang, r-devel-linux-x86_64-debian-gcc