Last updated on 2025-11-19 13:50:01 CET.
| Flavor | Version | Tinstall | Tcheck | Ttotal | Status | Flags |
|---|---|---|---|---|---|---|
| r-devel-linux-x86_64-debian-clang | 1.1.5 | 7.06 | 70.98 | 78.04 | OK | |
| r-devel-linux-x86_64-debian-gcc | 1.1.5 | 5.21 | 56.38 | 61.59 | OK | |
| r-devel-linux-x86_64-fedora-clang | 1.1.5 | 14.00 | 109.92 | 123.92 | NOTE | |
| r-devel-linux-x86_64-fedora-gcc | 1.1.5 | 16.00 | 117.18 | 133.18 | NOTE | |
| r-devel-windows-x86_64 | 1.1.5 | 12.00 | 80.00 | 92.00 | OK | |
| r-patched-linux-x86_64 | 1.1.5 | 6.34 | 67.71 | 74.05 | OK | |
| r-release-linux-x86_64 | 1.1.5 | 6.30 | 68.09 | 74.39 | OK | |
| r-release-macos-arm64 | 1.1.5 | OK | ||||
| r-release-macos-x86_64 | 1.1.5 | 6.00 | 82.00 | 88.00 | OK | |
| r-release-windows-x86_64 | 1.1.5 | 9.00 | 79.00 | 88.00 | OK | |
| r-oldrel-macos-arm64 | 1.1.5 | OK | ||||
| r-oldrel-macos-x86_64 | 1.1.5 | 5.00 | 60.00 | 65.00 | OK | |
| r-oldrel-windows-x86_64 | 1.1.5 | 11.00 | 98.00 | 109.00 | OK |
Version: 1.1.5
Check: dependencies in R code
Result: NOTE
Namespaces in Imports field not imported from:
‘HSAUR3’ ‘knitr’ ‘rmarkdown’
All declared Imports should be used.
Flavors: r-devel-linux-x86_64-fedora-clang, r-devel-linux-x86_64-fedora-gcc