Last updated on 2025-10-31 21:50:40 CET.
| Flavor | Version | Tinstall | Tcheck | Ttotal | Status | Flags | 
|---|---|---|---|---|---|---|
| r-devel-linux-x86_64-debian-clang | 1.1.0 | 2.28 | 36.49 | 38.77 | NOTE | |
| r-devel-linux-x86_64-debian-gcc | 1.1.0 | 1.91 | 28.29 | 30.20 | NOTE | |
| r-devel-linux-x86_64-fedora-clang | 1.1.0 | 11.00 | 53.82 | 64.82 | NOTE | |
| r-devel-linux-x86_64-fedora-gcc | 1.1.0 | 72.38 | NOTE | |||
| r-devel-windows-x86_64 | 1.1.0 | 4.00 | 52.00 | 56.00 | NOTE | |
| r-patched-linux-x86_64 | 1.1.0 | 2.74 | 34.68 | 37.42 | NOTE | |
| r-release-linux-x86_64 | 1.1.0 | 2.36 | 34.85 | 37.21 | NOTE | |
| r-release-macos-arm64 | 1.1.0 | 1.00 | 27.00 | 28.00 | NOTE | |
| r-release-macos-x86_64 | 1.1.0 | 2.00 | 48.00 | 50.00 | NOTE | |
| r-release-windows-x86_64 | 1.1.0 | 4.00 | 57.00 | 61.00 | NOTE | |
| r-oldrel-macos-arm64 | 1.1.0 | 2.00 | 30.00 | 32.00 | NOTE | |
| r-oldrel-macos-x86_64 | 1.1.0 | 2.00 | 45.00 | 47.00 | NOTE | |
| r-oldrel-windows-x86_64 | 1.1.0 | 7.00 | 65.00 | 72.00 | NOTE | 
Version: 1.1.0
Check: Rd files
Result: NOTE
  checkRd: (-1) RLdata500.Rd:8: Lost braces
       8 | A data frame with five variables: \code{fname_c1},\code{lname_c1},  \code{by}, code{bm}, \code{bd}.
         |                                                                                    ^
  checkRd: (-1) identity.RLdata500.Rd:15: Lost braces
      15 | format A vector that contains the code{id}
         |                                       ^
Flavors: r-devel-linux-x86_64-debian-clang, r-devel-linux-x86_64-debian-gcc, r-devel-linux-x86_64-fedora-clang, r-devel-linux-x86_64-fedora-gcc, r-devel-windows-x86_64, r-patched-linux-x86_64, r-release-linux-x86_64, r-release-macos-arm64, r-release-macos-x86_64, r-release-windows-x86_64, r-oldrel-macos-arm64, r-oldrel-macos-x86_64, r-oldrel-windows-x86_64