Last updated on 2025-10-31 01:48:52 CET.
| Flavor | Version | Tinstall | Tcheck | Ttotal | Status | Flags | 
|---|---|---|---|---|---|---|
| r-devel-linux-x86_64-debian-clang | 0.3 | 5.15 | 413.17 | 418.32 | NOTE | |
| r-devel-linux-x86_64-debian-gcc | 0.3 | 3.80 | 261.26 | 265.06 | NOTE | |
| r-devel-linux-x86_64-fedora-clang | 0.3 | 27.00 | 820.13 | 847.13 | OK | |
| r-devel-linux-x86_64-fedora-gcc | 0.3 | 26.00 | 810.26 | 836.26 | OK | |
| r-devel-windows-x86_64 | 0.3 | 8.00 | 471.00 | 479.00 | OK | |
| r-patched-linux-x86_64 | 0.3 | 5.08 | 406.83 | 411.91 | OK | |
| r-release-linux-x86_64 | 0.3 | 5.03 | 406.31 | 411.34 | OK | |
| r-release-macos-arm64 | 0.3 | 3.00 | 225.00 | 228.00 | OK | |
| r-release-macos-x86_64 | 0.3 | 4.00 | 446.00 | 450.00 | OK | |
| r-release-windows-x86_64 | 0.3 | 7.00 | 462.00 | 469.00 | OK | |
| r-oldrel-macos-arm64 | 0.3 | 3.00 | 181.00 | 184.00 | OK | |
| r-oldrel-macos-x86_64 | 0.3 | 4.00 | 307.00 | 311.00 | OK | |
| r-oldrel-windows-x86_64 | 0.3 | 10.00 | 594.00 | 604.00 | OK | 
Version: 0.3
Check: CRAN incoming feasibility
Result: NOTE
  Maintainer: ‘Michael Seo <swj8874@gmail.com>’
  
  Package CITATION file contains call(s) to old-style citEntry().  Please
  use bibentry() instead.
Flavors: r-devel-linux-x86_64-debian-clang, r-devel-linux-x86_64-debian-gcc