Last updated on 2025-10-31 17:50:11 CET.
| Flavor | Version | Tinstall | Tcheck | Ttotal | Status | Flags | 
|---|---|---|---|---|---|---|
| r-devel-linux-x86_64-debian-clang | 0.4.0 | 26.77 | 231.41 | 258.18 | NOTE | |
| r-devel-linux-x86_64-debian-gcc | 0.4.0 | 17.85 | 145.41 | 163.26 | NOTE | |
| r-devel-linux-x86_64-fedora-clang | 0.4.0 | 128.00 | 318.71 | 446.71 | OK | |
| r-devel-linux-x86_64-fedora-gcc | 0.4.0 | 59.00 | 337.22 | 396.22 | OK | |
| r-devel-windows-x86_64 | 0.4.0 | 26.00 | 179.00 | 205.00 | OK | |
| r-patched-linux-x86_64 | 0.4.0 | 23.64 | 221.72 | 245.36 | OK | |
| r-release-linux-x86_64 | 0.4.0 | 25.48 | 223.40 | 248.88 | OK | |
| r-release-macos-arm64 | 0.4.0 | 12.00 | 79.00 | 91.00 | OK | |
| r-release-macos-x86_64 | 0.4.0 | 21.00 | 152.00 | 173.00 | OK | |
| r-release-windows-x86_64 | 0.4.0 | 26.00 | 178.00 | 204.00 | OK | |
| r-oldrel-macos-arm64 | 0.4.0 | 10.00 | 68.00 | 78.00 | OK | |
| r-oldrel-macos-x86_64 | 0.4.0 | 23.00 | 118.00 | 141.00 | OK | |
| r-oldrel-windows-x86_64 | 0.4.0 | 35.00 | 255.00 | 290.00 | OK | 
Version: 0.4.0
Check: CRAN incoming feasibility
Result: NOTE
  Maintainer: ‘Roberto Serrano-Notivoli <roberto.serrano@unizar.es>’
  
  No Authors@R field in DESCRIPTION.
  Please add one, modifying
    Authors@R: person(given = "Roberto",
                      family = "Serrano-Notivoli",
                      role = c("aut", "cre"),
                      email = "roberto.serrano@unizar.es")
  as necessary.
Flavors: r-devel-linux-x86_64-debian-clang, r-devel-linux-x86_64-debian-gcc