Last updated on 2025-10-31 05:48:36 CET.
| Flavor | Version | Tinstall | Tcheck | Ttotal | Status | Flags | 
|---|---|---|---|---|---|---|
| r-devel-linux-x86_64-debian-clang | 1.6 | 5.33 | 54.54 | 59.87 | NOTE | |
| r-devel-linux-x86_64-debian-gcc | 1.6 | 3.84 | 38.83 | 42.67 | NOTE | |
| r-devel-linux-x86_64-fedora-clang | 1.6 | 12.00 | 82.06 | 94.06 | OK | |
| r-devel-linux-x86_64-fedora-gcc | 1.6 | 11.00 | 76.59 | 87.59 | OK | |
| r-devel-windows-x86_64 | 1.6 | 6.00 | 76.00 | 82.00 | OK | |
| r-patched-linux-x86_64 | 1.6 | 5.58 | 51.99 | 57.57 | NOTE | |
| r-release-linux-x86_64 | 1.6 | 4.76 | 51.60 | 56.36 | NOTE | |
| r-release-macos-arm64 | 1.6 | 2.00 | 25.00 | 27.00 | OK | |
| r-release-macos-x86_64 | 1.6 | 4.00 | 52.00 | 56.00 | OK | |
| r-release-windows-x86_64 | 1.6 | 8.00 | 81.00 | 89.00 | OK | |
| r-oldrel-macos-arm64 | 1.6 | 3.00 | 33.00 | 36.00 | OK | |
| r-oldrel-macos-x86_64 | 1.6 | 4.00 | 35.00 | 39.00 | OK | |
| r-oldrel-windows-x86_64 | 1.6 | 9.00 | 91.00 | 100.00 | OK | 
Version: 1.6
Check: CRAN incoming feasibility
Result: NOTE
  Maintainer: ‘Jean-Michel Marin <jean-michel.marin@umontpellier.fr>’
  
  No Authors@R field in DESCRIPTION.
  Please add one, modifying
    Authors@R: c(person(given = "Jean-Michel",
                        family = "Marin",
                        role = c("aut", "cre"),
                        email = "jean-michel.marin@umontpellier.fr"),
                 person(given = c("Christian", "P."),
                        family = "Robert",
                        role = "aut"))
  as necessary.
Flavors: r-devel-linux-x86_64-debian-clang, r-devel-linux-x86_64-debian-gcc
Version: 1.6
Check: for unstated dependencies in ‘demo’
Result: NOTE
  'library' or 'require' call not declared from: ‘mvtnorm’
Flavors: r-devel-linux-x86_64-debian-clang, r-devel-linux-x86_64-debian-gcc, r-patched-linux-x86_64, r-release-linux-x86_64