Last updated on 2025-11-12 01:48:52 CET.
| Flavor | Version | Tinstall | Tcheck | Ttotal | Status | Flags |
|---|---|---|---|---|---|---|
| r-devel-linux-x86_64-debian-clang | 0.5.0 | 61.82 | 51.11 | 112.93 | OK | |
| r-devel-linux-x86_64-debian-gcc | 0.5.0 | 41.47 | 42.36 | 83.83 | OK | |
| r-devel-linux-x86_64-fedora-clang | 0.5.0 | 151.00 | 52.17 | 203.17 | OK | |
| r-devel-linux-x86_64-fedora-gcc | 0.5.0 | 108.00 | 97.09 | 205.09 | OK | |
| r-devel-windows-x86_64 | 0.5.0 | 68.00 | 99.00 | 167.00 | OK | |
| r-patched-linux-x86_64 | 0.5.0 | 60.14 | 55.90 | 116.04 | OK | |
| r-release-linux-x86_64 | 0.5.0 | 60.02 | 56.08 | 116.10 | OK | |
| r-release-macos-arm64 | 0.5.0 | 21.00 | 41.00 | 62.00 | OK | |
| r-release-macos-x86_64 | 0.5.0 | 34.00 | 78.00 | 112.00 | OK | |
| r-release-windows-x86_64 | 0.5.0 | 67.00 | 100.00 | 167.00 | OK | |
| r-oldrel-macos-arm64 | 0.5.0 | 21.00 | 43.00 | 64.00 | NOTE | |
| r-oldrel-macos-x86_64 | 0.5.0 | 23.00 | 53.00 | 76.00 | NOTE | |
| r-oldrel-windows-x86_64 | 0.5.0 | 80.00 | 118.00 | 198.00 | OK |
Version: 0.5.0
Check: installed package size
Result: NOTE
installed size is 12.2Mb
sub-directories of 1Mb or more:
libs 11.6Mb
Flavors: r-oldrel-macos-arm64, r-oldrel-macos-x86_64