Last updated on 2025-11-25 17:49:44 CET.
| Flavor | Version | Tinstall | Tcheck | Ttotal | Status | Flags |
|---|---|---|---|---|---|---|
| r-devel-linux-x86_64-debian-clang | 1.0.1 | 27.13 | 715.18 | 742.31 | OK | |
| r-devel-linux-x86_64-debian-gcc | 1.0.1 | 16.15 | 375.87 | 392.02 | OK | |
| r-devel-linux-x86_64-fedora-clang | 1.0.1 | 62.00 | 1227.61 | 1289.61 | NOTE | |
| r-devel-linux-x86_64-fedora-gcc | 1.0.1 | 57.00 | 1179.03 | 1236.03 | NOTE | |
| r-devel-windows-x86_64 | 1.0.1 | 37.00 | 588.00 | 625.00 | OK | |
| r-patched-linux-x86_64 | 1.0.1 | 25.48 | 668.74 | 694.22 | OK | |
| r-release-linux-x86_64 | 1.0.1 | 24.36 | 671.22 | 695.58 | OK | |
| r-release-macos-arm64 | 1.0.1 | OK | ||||
| r-release-macos-x86_64 | 1.0.1 | 21.00 | 574.00 | 595.00 | OK | |
| r-release-windows-x86_64 | 1.0.1 | 32.00 | 588.00 | 620.00 | OK | |
| r-oldrel-macos-arm64 | 1.0.1 | OK | ||||
| r-oldrel-macos-x86_64 | 1.0.1 | 13.00 | 429.00 | 442.00 | OK | |
| r-oldrel-windows-x86_64 | 1.0.1 | 38.00 | 837.00 | 875.00 | OK |
Version: 1.0.1
Check: dependencies in R code
Result: NOTE
Namespace in Imports field not imported from: ‘ggplot2’
All declared Imports should be used.
Flavors: r-devel-linux-x86_64-fedora-clang, r-devel-linux-x86_64-fedora-gcc