Last updated on 2025-11-03 17:49:43 CET.
| Flavor | Version | Tinstall | Tcheck | Ttotal | Status | Flags |
|---|---|---|---|---|---|---|
| r-devel-linux-x86_64-debian-clang | 0.3.0 | 3.37 | 148.03 | 151.40 | NOTE | |
| r-devel-linux-x86_64-debian-gcc | 0.3.0 | 2.62 | 100.60 | 103.22 | NOTE | |
| r-devel-linux-x86_64-fedora-clang | 0.3.0 | 16.00 | 230.31 | 246.31 | NOTE | |
| r-devel-linux-x86_64-fedora-gcc | 0.3.0 | 241.81 | NOTE | |||
| r-devel-windows-x86_64 | 0.3.0 | 5.00 | 161.00 | 166.00 | NOTE | |
| r-patched-linux-x86_64 | 0.3.0 | 3.61 | 141.57 | 145.18 | NOTE | |
| r-release-linux-x86_64 | 0.3.0 | 2.87 | 140.45 | 143.32 | NOTE | |
| r-release-macos-arm64 | 0.3.0 | 2.00 | 87.00 | 89.00 | NOTE | |
| r-release-macos-x86_64 | 0.3.0 | 3.00 | 126.00 | 129.00 | NOTE | |
| r-release-windows-x86_64 | 0.3.0 | 5.00 | 163.00 | 168.00 | NOTE | |
| r-oldrel-macos-arm64 | 0.3.0 | 1.00 | 64.00 | 65.00 | NOTE | |
| r-oldrel-macos-x86_64 | 0.3.0 | 2.00 | 97.00 | 99.00 | NOTE | |
| r-oldrel-windows-x86_64 | 0.3.0 | 7.00 | 193.00 | 200.00 | NOTE |
Version: 0.3.0
Check: Rd files
Result: NOTE
checkRd: (-1) noauto_scorecard.Rd:20: Lost braces; missing escapes or markup?
20 | \item{fit}{See glm {stats}.}
| ^
checkRd: (-1) noauto_scorecard2.Rd:21: Lost braces; missing escapes or markup?
21 | \item{fit}{See glm {stats}.}
| ^
Flavors: r-devel-linux-x86_64-debian-clang, r-devel-linux-x86_64-debian-gcc, r-devel-linux-x86_64-fedora-clang, r-devel-linux-x86_64-fedora-gcc, r-devel-windows-x86_64, r-patched-linux-x86_64, r-release-linux-x86_64, r-release-macos-arm64, r-release-macos-x86_64, r-release-windows-x86_64, r-oldrel-macos-arm64, r-oldrel-macos-x86_64, r-oldrel-windows-x86_64