Last updated on 2025-10-30 21:48:44 CET.
| Flavor | Version | Tinstall | Tcheck | Ttotal | Status | Flags | 
|---|---|---|---|---|---|---|
| r-devel-linux-x86_64-debian-clang | 21.0.0.1 | 3622.24 | 254.26 | 3876.50 | NOTE | |
| r-devel-linux-x86_64-debian-gcc | 22.0.0 | 2795.03 | 165.42 | 2960.45 | OK | |
| r-devel-linux-x86_64-fedora-clang | 22.0.0 | 8100.00 | -1669.03 | 6430.97 | OK | |
| r-devel-linux-x86_64-fedora-gcc | 22.0.0 | 8520.00 | -1416.62 | 7103.38 | OK | |
| r-devel-windows-x86_64 | 21.0.0.1 | 431.00 | 588.00 | 1019.00 | OK | |
| r-patched-linux-x86_64 | 21.0.0.1 | 3887.61 | 246.96 | 4134.57 | OK | |
| r-release-linux-x86_64 | 21.0.0.1 | 3835.06 | 250.00 | 4085.06 | OK | |
| r-release-macos-arm64 | 22.0.0 | 1560.00 | 43.00 | 1603.00 | OK | |
| r-release-macos-x86_64 | 22.0.0 | 1803.00 | OK | |||
| r-release-windows-x86_64 | 21.0.0.1 | 496.00 | 596.00 | 1092.00 | OK | |
| r-oldrel-macos-arm64 | 22.0.0 | 1560.00 | 62.00 | 1622.00 | NOTE | |
| r-oldrel-macos-x86_64 | 22.0.0 | 1803.00 | OK | |||
| r-oldrel-windows-x86_64 | 21.0.0.1 | 593.00 | 829.00 | 1422.00 | NOTE | 
Version: 21.0.0.1
Check: compiled code
Result: NOTE
  File ‘arrow/libs/arrow.so’:
    Found non-API call to R: ‘Rf_lazy_duplicate’
  
  Compiled code should not call non-API entry points in R.
  
  See ‘Writing portable packages’ in the ‘Writing R Extensions’ manual,
  and section ‘Moving into C API compliance’ for issues with the use of
  non-API entry points.
Flavor: r-devel-linux-x86_64-debian-clang
Version: 22.0.0
Check: installed package size
Result: NOTE
    installed size is 130.3Mb
    sub-directories of 1Mb or more:
      R       5.1Mb
      libs  124.6Mb
Flavor: r-oldrel-macos-arm64
Version: 21.0.0.1
Check: installed package size
Result: NOTE
    installed size is 48.1Mb
    sub-directories of 1Mb or more:
      R      4.4Mb
      libs  43.0Mb
Flavor: r-oldrel-windows-x86_64