Last updated on 2025-10-31 17:50:10 CET.
| Flavor | Version | Tinstall | Tcheck | Ttotal | Status | Flags | 
|---|---|---|---|---|---|---|
| r-devel-linux-x86_64-debian-clang | 1.0.0 | 9.85 | 117.06 | 126.91 | NOTE | |
| r-devel-linux-x86_64-debian-gcc | 1.0.0 | 5.74 | 78.67 | 84.41 | NOTE | |
| r-devel-linux-x86_64-fedora-clang | 1.0.0 | 18.00 | 186.61 | 204.61 | OK | |
| r-devel-linux-x86_64-fedora-gcc | 1.0.0 | 20.00 | 192.92 | 212.92 | OK | |
| r-devel-windows-x86_64 | 1.0.0 | 11.00 | 116.00 | 127.00 | OK | |
| r-patched-linux-x86_64 | 1.0.0 | 7.87 | 110.23 | 118.10 | OK | |
| r-release-linux-x86_64 | 1.0.0 | 8.65 | 108.50 | 117.15 | OK | |
| r-release-macos-arm64 | 1.0.0 | 3.00 | 46.00 | 49.00 | OK | |
| r-release-macos-x86_64 | 1.0.0 | 5.00 | 108.00 | 113.00 | OK | |
| r-release-windows-x86_64 | 1.0.0 | 13.00 | 118.00 | 131.00 | OK | |
| r-oldrel-macos-arm64 | 1.0.0 | 3.00 | 50.00 | 53.00 | OK | |
| r-oldrel-macos-x86_64 | 1.0.0 | 5.00 | 74.00 | 79.00 | OK | |
| r-oldrel-windows-x86_64 | 1.0.0 | 14.00 | 156.00 | 170.00 | OK | 
Version: 1.0.0
Check: CRAN incoming feasibility
Result: NOTE
  Maintainer: ‘Adam Elder <shmelder@gmail.com>’
  
  The Description field contains
    A testing framework described in Elder et al. (2022) <arXiv:2203.01897>
  Please refer to arXiv e-prints via their arXiv DOI <doi:10.48550/arXiv.YYMM.NNNNN>.
Flavors: r-devel-linux-x86_64-debian-clang, r-devel-linux-x86_64-debian-gcc